MONTHLY CLIMATOLOGICAL SUMMARY for apr 2018 NAME: Paupisi, Italia ELEV: 320 metri LAT: 41-11.73 N LONG: 014-39.88 E TEMPERATURE (°C), RAIN (mm), WIND SPEED (m/s) HEAT COOL AVG MEAN DEG DEG WIND DOM DAY TEMP HIGH TIME LOW TIME DAYS DAYS RAIN SPEED HIGH TIME DIR --------------------------------------------------------------------------------------- 01 9,1 13,8 14:09 6,1 03:48 9,2 0,0 12,4 0,1 29,7 09:54 315 02 9,6 14,7 16:08 5,6 05:58 8,7 0,0 0,0 0,1 3,1 14:45 104 03 11,1 18,3 15:05 4,6 06:45 7,2 0,0 0,0 0,0 2,5 13:55 94 04 12,5 16,7 15:27 8,9 04:55 5,8 0,0 0,0 0,1 2,9 15:41 114 05 12,6 17,3 14:59 9,2 23:50 5,7 0,0 1,0 0,1 3,3 17:58 95 06 13,0 18,3 15:50 8,3 05:36 5,3 0,0 0,0 0,1 3,1 12:46 48 07 14,2 20,2 16:45 8,9 04:30 4,1 0,0 0,0 0,1 1,7 13:50 319 08 16,8 23,4 15:24 10,3 04:59 1,6 0,0 0,0 0,1 2,3 10:31 331 09 13,9 16,5 15:37 10,9 08:15 4,4 0,0 1,6 0,0 2,0 12:54 27 10 12,9 17,2 17:10 8,9 04:00 5,4 0,0 0,0 0,0 2,2 12:35 100 11 15,7 20,9 16:03 10,6 03:43 2,6 0,0 0,0 0,1 1,7 08:56 329 12 15,1 20,9 13:09 11,9 06:34 3,2 0,0 0,0 0,1 2,9 15:34 115 13 14,2 19,9 17:23 9,2 06:28 4,1 0,0 0,0 0,1 3,3 12:50 95 14 16,2 20,9 13:44 12,6 03:10 2,1 0,0 0,0 0,1 2,1 15:58 315 15 17,0 21,3 16:07 14,1 04:36 1,3 0,0 0,0 0,0 1,6 07:11 319 16 16,2 21,4 15:30 12,9 06:53 2,2 0,0 0,0 0,1 1,9 16:23 73 17 15,1 19,9 13:32 13,2 06:11 3,2 0,0 2,1 0,0 1,2 20:50 35 18 16,1 19,6 14:53 13,9 02:55 2,2 0,0 0,0 0,0 1,7 07:27 13 19 17,8 22,7 13:34 13,9 05:36 0,6 0,0 0,0 0,0 2,2 17:09 342 20 19,0 24,4 14:10 14,7 05:14 0,0 0,6 0,0 0,0 1,8 13:53 359 21 19,1 24,9 15:10 14,7 03:30 0,0 0,8 0,0 0,0 1,6 12:42 323 22 16,9 22,8 14:43 12,6 06:15 1,4 0,0 0,0 0,1 2,8 14:11 98 23 17,0 22,9 15:55 13,8 06:55 1,3 0,0 0,0 0,1 2,0 17:14 98 24 16,3 21,6 16:40 12,9 04:56 2,0 0,0 0,0 0,1 3,0 13:34 106 25 16,6 23,8 15:58 12,1 06:10 1,7 0,0 0,0 0,1 8,2 15:32 98 26 17,2 24,5 15:29 11,6 05:35 1,2 0,0 0,0 0,1 2,6 13:11 76 27 20,6 28,1 14:32 14,3 00:28 0,0 2,3 0,0 0,0 1,7 11:42 342 28 20,8 28,1 15:21 -29,1 23:15 0,0 2,5 1,6 0,1 1,9 16:49 323 29 20,5 27,6 14:15 16,2 23:56 0,0 2,2 1,0 0,1 2,9 17:00 320 30 17,4 23,1 13:19 12,8 00:00 0,9 0,0 0,5 0,1 2,1 13:24 75 --------------------------------------------------------------------------------------- 15,7 28,1 27 -29,1 28 87,8 8,3 20,2 0,1 29,7 01 27 Updated: 01/05/2018 00:00:00