MONTHLY CLIMATOLOGICAL SUMMARY for mag 2018 NAME: Paupisi, Italia ELEV: 320 metri LAT: 41-11.73 N LONG: 014-39.88 E TEMPERATURE (°C), RAIN (mm), WIND SPEED (m/s) HEAT COOL AVG MEAN DEG DEG WIND DOM DAY TEMP HIGH TIME LOW TIME DAYS DAYS RAIN SPEED HIGH TIME DIR --------------------------------------------------------------------------------------- 01 16,0 21,1 17:16 10,2 06:31 2,4 0,0 0,0 0,0 1,5 16:40 346 02 18,5 22,5 12:56 14,4 05:46 0,0 0,2 0,0 0,1 2,1 17:15 318 03 15,8 20,3 12:02 12,0 15:28 2,5 0,0 9,8 0,1 3,1 14:21 318 04 15,2 18,5 15:23 12,8 03:35 3,1 0,0 1,0 0,1 51,0 06:19 313 05 14,6 19,2 12:51 12,1 23:53 3,7 0,0 22,8 0,0 1,4 12:39 66 06 14,9 19,2 15:39 11,8 03:24 3,4 0,0 0,0 0,1 2,7 11:09 94 07 16,1 21,0 13:35 13,2 00:59 2,3 0,0 16,1 0,0 1,7 14:44 105 08 16,0 20,6 13:10 13,8 23:57 2,4 0,0 16,1 0,0 12,9 07:30 105 09 16,1 19,9 14:51 13,6 00:36 2,2 0,0 9,8 0,0 29,6 08:03 20 10 16,8 20,8 15:00 13,6 06:07 1,6 0,0 0,0 0,0 2,7 14:43 110 11 17,3 22,1 15:09 13,5 03:00 1,1 0,0 0,0 0,0 1,7 17:27 143 12 17,5 22,1 13:47 14,7 23:59 0,9 0,0 2,6 0,0 1,8 13:49 106 13 17,1 21,9 17:29 13,7 04:12 1,2 0,0 0,0 0,1 1,9 12:13 91 14 15,4 18,9 11:36 12,3 23:44 3,0 0,0 0,0 0,1 2,9 11:57 100 15 11,1 14,3 09:49 8,9 21:15 7,3 0,0 10,9 0,0 2,2 13:45 84 16 12,4 16,6 14:45 8,1 02:20 5,9 0,0 0,0 0,1 11,8 06:38 134 17 15,3 20,8 15:12 10,1 06:00 3,1 0,0 0,0 0,0 1,5 10:45 60 18 18,2 23,1 17:12 14,7 00:38 0,1 0,0 0,0 0,0 1,7 11:16 343 19 19,2 24,4 15:23 15,2 04:21 0,0 0,9 0,0 0,1 1,5 12:38 336 20 20,1 25,3 14:41 15,3 05:23 0,0 1,8 0,0 0,1 1,7 12:16 334 21 20,1 25,1 13:06 16,5 04:04 0,0 1,8 0,0 0,0 1,4 10:30 334 22 19,6 23,8 14:42 15,6 05:25 0,0 1,3 5,2 0,0 2,2 16:19 35 23 16,2 17,6 17:33 15,2 04:22 2,2 0,0 21,2 4,8 51,0 17:35 325 24 19,4 24,9 16:00 13,9 05:45 0,0 1,0 0,0 1,4 51,0 07:54 315 25 19,4 24,9 14:42 15,6 05:14 0,0 1,1 0,0 0,0 1,7 13:18 78 26 22,6 28,6 16:18 16,8 06:41 0,0 4,3 0,0 0,0 1,8 13:38 316 27 23,1 28,1 14:39 19,7 05:58 0,0 4,8 0,0 0,0 1,5 14:40 360 28 22,4 27,7 14:25 18,1 04:30 0,0 4,1 0,0 0,0 1,3 14:58 94 29 25,0 30,1 14:25 19,8 04:45 0,0 6,7 0,0 0,1 1,7 14:30 328 30 24,6 30,2 14:55 20,0 05:01 0,0 6,3 0,0 0,1 2,0 05:57 315 31 22,6 27,8 14:23 18,2 07:43 0,0 4,3 0,0 0,1 2,9 11:15 97 --------------------------------------------------------------------------------------- 18,0 30,2 30 8,1 16 48,1 38,3 115,5 0,2 51,0 04 325 Updated: 01/06/2018 00:00:00