MONTHLY CLIMATOLOGICAL SUMMARY for set 2018 NAME: Paupisi, Italia ELEV: 320 metri LAT: 41-11.73 N LONG: 014-39.88 E TEMPERATURE (°C), RAIN (mm), WIND SPEED (m/s) HEAT COOL AVG MEAN DEG DEG WIND DOM DAY TEMP HIGH TIME LOW TIME DAYS DAYS RAIN SPEED HIGH TIME DIR --------------------------------------------------------------------------------------- 01 20,6 25,6 16:05 17,4 23:56 0,0 2,2 9,8 0,1 51,1 10:43 343 02 20,1 25,1 12:19 16,8 04:32 0,0 1,8 0,5 0,1 2,6 12:58 81 03 20,3 25,4 16:16 14,6 21:23 0,0 1,9 0,0 0,0 2,8 14:29 87 04 20,8 25,9 16:18 16,3 06:45 0,0 2,5 0,0 0,1 2,4 14:59 91 05 21,6 26,9 16:10 17,3 06:44 0,0 3,2 0,0 0,0 1,6 17:12 53 06 21,9 27,9 14:00 17,1 06:40 0,0 3,6 0,0 0,0 1,5 17:10 27 07 21,0 27,4 15:20 16,9 06:20 0,0 2,7 7,2 0,1 51,1 23:13 85 08 21,4 27,6 16:08 16,6 01:59 0,0 3,0 0,0 0,0 1,3 11:41 322 09 22,7 28,4 15:29 -5,4 08:02 0,0 4,3 0,0 0,0 1,5 13:05 332 10 22,7 28,3 15:22 19,7 06:10 0,0 4,3 0,0 0,0 1,5 17:33 355 11 23,3 29,5 15:21 18,9 05:53 0,0 4,9 0,0 0,0 1,6 15:30 353 12 23,6 29,6 14:01 12,6 08:10 0,0 5,3 0,0 0,0 1,4 15:26 315 13 21,9 26,6 14:36 18,4 05:54 0,0 3,5 0,0 0,0 1,8 14:41 75 14 22,0 27,8 16:26 18,9 06:58 0,0 3,7 0,0 0,0 2,3 17:56 76 15 21,9 27,8 14:49 17,4 06:36 0,0 3,5 0,0 0,0 2,0 13:34 75 16 22,4 27,6 16:05 18,3 07:02 0,0 4,1 0,0 0,0 51,1 06:54 30 17 22,5 28,1 13:10 18,3 06:46 0,0 4,2 0,0 0,0 2,4 15:24 14 18 22,3 27,0 15:49 19,2 07:31 0,0 3,9 0,0 0,0 2,2 13:35 97 19 22,8 27,4 13:33 19,4 06:59 0,0 4,5 0,0 0,0 1,6 18:32 316 20 22,0 27,0 15:06 12,6 01:33 0,0 3,7 16,1 0,0 2,0 16:36 312 21 21,6 26,6 14:16 18,3 05:12 0,0 3,2 0,5 0,0 1,7 11:39 316 22 22,0 27,4 14:16 -3,8 01:30 0,0 3,7 0,0 0,0 1,0 14:42 38 23 21,3 26,7 15:19 18,1 05:55 0,0 3,0 0,0 0,0 51,1 01:04 75 24 21,7 26,8 14:14 17,0 23:53 0,0 3,4 0,0 0,1 3,7 18:48 71 25 16,3 19,4 12:09 13,7 23:54 2,0 0,0 0,0 0,2 4,1 05:19 12 26 13,4 16,3 15:38 11,3 07:25 5,0 0,0 0,0 0,2 4,9 11:20 79 27 15,7 19,9 14:35 12,7 00:10 2,6 0,0 0,0 0,1 4,7 01:50 52 28 17,4 23,1 15:07 -17,4 23:54 0,9 0,0 0,0 0,0 2,6 08:26 327 29 18,1 23,7 14:49 13,3 06:18 0,2 0,0 0,0 0,0 2,9 19:47 31 30 17,3 21,9 15:50 14,3 07:09 1,0 0,0 0,0 0,0 1,0 11:12 349 --------------------------------------------------------------------------------------- 20,7 29,6 12 -17,4 28 11,7 84,2 34,2 0,0 51,1 01 44 Updated: 01/10/2018 00:00:00