Paupisi (BN), Italy

41° 07.04' N | 014° 23.97' E | 320 metri | Mostra sulla mappa

Tabelle Climatiche December 2018

23/04/2019 19:50:00 CEST

Stazione:LaCrosse WS-2350
Software:WeeWX v3.9.1
Weewx uptime:4 days, 22 hours, 36 minutes
Server uptime:0 days, 0 hours, 35 minutes
                   MONTHLY CLIMATOLOGICAL SUMMARY for dic 2018


NAME: Paupisi, Italia                  
ELEV: 320 metri    LAT: 41-11.73 N    LONG: 014-39.88 E


                   TEMPERATURE (°C), RAIN (mm), WIND SPEED (m/s)

                                         HEAT   COOL         AVG
      MEAN                               DEG    DEG          WIND                   DOM
DAY   TEMP   HIGH   TIME    LOW   TIME   DAYS   DAYS   RAIN  SPEED   HIGH   TIME    DIR
---------------------------------------------------------------------------------------
 01    9,6   11,9  11:51    7,4  02:37    8,7    0,0    0,0    0,0    1,5  05:26    317
 02    9,7   12,4  13:16    7,2  23:45    8,6    0,0    0,5    0,0    1,4  11:39    308
 03    9,7   11,9  14:51    7,1  00:40    8,6    0,0    0,0    0,1   51,1  21:06    341
 04   12,2   14,5  14:21   10,5  07:50    6,1    0,0    0,5    0,3   51,1  00:26    338
 05   10,8   14,2  13:06    7,5  23:20    7,6    0,0    0,0    0,0    2,3  04:22     86
 06    9,2   12,1  14:20  -27,8  19:05    9,1    0,0    0,0    0,0    1,5  21:22    276
 07    9,6   13,1  12:13    7,4  07:28    8,7    0,0    0,0    0,0   51,1  19:39    322
 08   11,4   14,3  13:02    6,9  23:54    6,9    0,0    3,6    0,1   51,1  02:04     24
 09    8,1   12,4  19:35    3,4  07:49   10,3    0,0    0,0    0,0    1,6  22:36     92
 10    7,8   11,7  15:36    5,1  06:55   10,5    0,0    1,5    0,0   51,1  15:08     39
 11    5,4    9,1  15:04    3,5  07:35   12,9    0,0    0,5    0,0    2,4  04:13    315
 12    4,7    7,4  13:15    2,3  04:45   13,6    0,0    0,0    0,0    1,3  03:32    311
 13    6,2    7,2  14:30    4,9  00:57   12,2    0,0    2,1    0,5   51,1  15:32    336
 14    8,1   10,9  10:08    6,6  21:16   10,3    0,0    4,1    0,9   51,1  00:06    334
 15    4,7    6,9  00:00    2,3  23:53   13,7    0,0    0,0    0,1   51,1  01:40    303
 16    4,0    6,4  12:20    2,1  07:00   14,4    0,0    0,0    0,0    1,3  00:44    321
 17    6,8    8,5  10:09    4,9  03:16   11,6    0,0   19,7    0,5   51,1  01:25    340
 18    7,1    9,5  12:55    4,1  22:49   11,3    0,0    0,0    0,1    3,7  13:12     81
 19    4,8    7,3  14:57    2,7  23:15   13,5    0,0    0,0    0,0    0,8  09:41    338
 20    6,7    9,9  12:55    2,5  01:18   11,6    0,0    0,0    0,0   51,1  23:38    336
 21    6,3    8,4  10:59    5,2  07:18   12,0    0,0    0,0    0,1   51,1  01:45    338
 22    9,6   11,8  12:57    7,0  07:40    8,7    0,0    0,5    0,2   51,1  00:37    350
 23   11,3   13,6  13:12    8,1  06:30    7,1    0,0    0,0    0,4   51,1  00:17    338
 24   12,1   14,4  13:36  -27,8  19:46    6,2    0,0    0,0    0,2   51,1  03:49    355
 25    7,6    9,6  00:00    6,2  23:50   10,8    0,0    0,0    0,2   51,1  22:01     59
 26    6,1    9,6  13:17    2,9  23:48   12,2    0,0    0,0    0,0    2,3  01:05     84
 27    4,2    8,4  11:46    2,1  03:25   14,1    0,0    0,0    0,0   51,1  05:10    338
 28    3,9    7,1  13:16  -30,0  20:15   14,4    0,0    0,0    0,0   51,1  22:55    338
 29    6,1   10,9  12:34  -27,8  13:09   12,2    0,0    1,0    0,0   51,1  05:14    336
 30    6,3    8,9  14:21    2,8  06:10   12,1    0,0    0,0    0,0    1,7  20:39     11
 31    6,6    8,9  12:06    5,0  21:25   11,7    0,0    0,0    0,2   51,1  20:26     99
---------------------------------------------------------------------------------------
       7,6   14,5     04  -30,0     28  331,7    0,0   34,2    0,1   51,1     03    344
    
Updated: 01/01/2019 00:00:00