Paupisi (BN), Italia

41° 11.73' N | 014° 39.88' E | 320 metri | Mostra sulla mappa

Tabelle Climatiche January 2019

25. 03. 19 13:05:00 CET

Stazione:LaCrosse WS-2350
Software:WeeWX v3.9.1
Weewx uptime:30 days, 1 hour, 47 minutes
Server uptime:30 days, 0 hours, 57 minutes
                   MONTHLY CLIMATOLOGICAL SUMMARY for gen 2019


NAME: Paupisi, Italia                  
ELEV: 320 metri    LAT: 41-11.73 N    LONG: 014-39.88 E


                   TEMPERATURE (°C), RAIN (mm), WIND SPEED (m/s)

                                         HEAT   COOL         AVG
      MEAN                               DEG    DEG          WIND                   DOM
DAY   TEMP   HIGH   TIME    LOW   TIME   DAYS   DAYS   RAIN  SPEED   HIGH   TIME    DIR
---------------------------------------------------------------------------------------
 01    5,3    8,3  13:35    1,6  23:56   13,1    0,0    0,0    0,1    2,6  01:08     81
 02    3,6    8,7  13:56    0,1  04:45   14,7    0,0    0,5    0,1   51,1  01:41     48
 03    1,2    2,9  00:45   -0,2  15:05   17,2    0,0    0,0    0,4   51,1  02:08     84
 04   -0,7    0,3  14:07   -2,3  16:35   19,1    0,0    0,0    0,6   51,1  02:41    359
 05    1,0    2,8  14:56   -1,3  07:21   17,4    0,0    1,6    0,7   51,1  06:12    342
 06    2,9    5,9  10:51    0,1  03:05   15,4    0,0    1,0    0,3   51,1  00:41    338
 07    4,2    5,8  19:37    2,7  03:30   14,1    0,0    0,5    0,2   51,1  02:37    339
 08    4,0    5,9  15:07    0,5  06:40   14,4    0,0    0,0    0,7   51,1  00:36    338
 09    5,1    6,7  13:18    3,9  18:48   13,2    0,0    0,0    0,1   51,1  00:24    339
 10    4,6    6,8  12:38    1,6  23:51   13,8    0,0    0,5    0,1    2,9  03:07     67
 11    3,1    5,3  14:26    1,4  07:43   15,2    0,0    0,0    0,0    1,9  16:30    348
 12    3,9    6,7  11:42    0,8  06:28   14,4    0,0    0,0    0,0    1,4  00:36     38
 13    2,1    5,8  13:21  -30,0  07:28   16,2    0,0    1,0    1,0   51,1  16:28    338
 14    5,6    8,6  15:40    2,1  00:55   12,8    0,0    2,6    0,7   51,1  01:42    339
 15    4,5    7,3  12:24    1,4  23:46   13,8    0,0    1,0    0,3   51,1  01:37    336
 16    3,8    8,7  13:47   -1,0  05:57   14,6    0,0    0,0    0,2   51,1  20:10    338
 17    6,1    9,4  13:16    2,4  07:00   12,2    0,0    0,5    1,0   51,1  00:15    338
 18    8,3   11,9  13:25    5,5  06:53   10,0    0,0    6,2    0,1   51,1  09:16    346
 19    5,8    9,0  13:42    3,3  21:45   12,6    0,0    2,1    0,8   51,1  00:00    343
 20    5,9    9,0  13:03    3,1  00:58   12,4    0,0    0,5    1,7   51,1  09:58    340
 21    7,0    8,9  12:03    5,2  07:10   11,3    0,0    4,1    0,9   51,1  00:18    336
 22    6,3    7,9  15:50    3,9  23:38   12,0    0,0   27,5    0,3   51,1  09:37    332
 23    3,9    7,1  13:49    1,8  07:33   14,4    0,0    3,1    0,2   51,1  00:15     29
 24    5,0    6,3  11:51    2,5  00:51   13,3    0,0    1,0    0,6   51,1  00:52    333
 25    5,0   37,3  23:54    3,6  21:11   13,4    0,0    4,1    0,4   51,1  03:10     76
 26    4,3    6,9  13:54    2,2  22:26   14,1    0,0    0,0    0,1   51,1  19:08     21
 27    4,9    9,9  15:20    0,1  06:25   13,5    0,0    1,0    0,3   51,1  03:50    339
 28    6,7    9,9  02:10    3,2  23:56   11,6    0,0   16,6    0,4   51,1  00:35    349
 29    4,4    6,9  13:23  -30,0  18:58   13,9    0,0    0,0    0,2   51,1  09:51    336
 30    4,3    7,3  14:50    1,5  06:43   14,0    0,0    6,7    0,5   51,1  08:50    346
 31    5,4    7,9  12:44    1,4  07:35   12,9    0,0    2,6    1,0   51,1  01:06    334
---------------------------------------------------------------------------------------
       4,4   37,3     25  -30,0     13  431,0    0,0   85,0    0,4   51,1     02    343
    
Updated: 01/02/2019 00:00:00