Paupisi (BN), Italy

41° 07.04' N | 014° 23.97' E | 320 metri | Mostra sulla mappa

Tabelle Climatiche February 2019

23/04/2019 19:55:00 CEST

Stazione:LaCrosse WS-2350
Software:WeeWX v3.9.1
Weewx uptime:4 days, 22 hours, 42 minutes
Server uptime:0 days, 0 hours, 40 minutes
                   MONTHLY CLIMATOLOGICAL SUMMARY for feb 2019


NAME: Paupisi (BN), Italia                  
ELEV: 320 metri    LAT: 41-11.73 N    LONG: 014-39.88 E


                   TEMPERATURE (°C), RAIN (cm), WIND SPEED (km/h)

                                         HEAT   COOL         AVG
      MEAN                               DEG    DEG          WIND                   DOM
DAY   TEMP   HIGH   TIME    LOW   TIME   DAYS   DAYS   RAIN  SPEED   HIGH   TIME    DIR
---------------------------------------------------------------------------------------
 01
 02
 03
 04
 05
 06
 07
 08
 09
 10
 11
 12
 13
 14
 15
 16    7.9   11.5  14:13    4.1  23:54   10.4    0.0   0.00    0.0    3.6  13:38    314
 17    5.7   11.7  14:11    1.8  06:11   12.6    0.0   0.10    0.1  184.0  10:16    349
 18    6.4   10.3  13:59    3.9  00:00   11.9    0.0   0.00    1.5  184.0  03:28    339
 19    6.1    9.6  14:13    3.2  23:55   12.2    0.0   0.00    1.8  184.0  00:13    341
 20    5.9   10.9  14:21    2.4  04:21   12.5    0.0   0.00    1.9  184.0  00:03    337
 21    7.7   12.4  14:18    3.9  06:20   10.7    0.0   0.00    1.9  184.0  00:25    337
 22    8.0   12.2  14:28    3.8  05:09   10.3    0.0   0.21    1.3  184.0  00:03    342
 23    2.5    7.4  01:14  -11.0  18:27   15.8    0.0   0.05    2.2  184.0  00:35     52
 24    3.7    6.1  13:42    1.5  07:07   14.6    0.0   0.00    1.0  184.0  01:15     38
 25    4.2    9.8  11:37    1.6  15:57   14.1    0.0   0.21    0.7  184.0  05:38     71
 26    8.3   13.9  13:09    2.1  00:33   10.0    0.0   0.00    0.1  183.6  17:19    301
 27   10.3   14.1  11:06    6.8  00:11    8.1    0.0   0.00    0.5  184.0  03:58     32
 28    8.5   13.9  14:14   -9.8  11:17    9.8    0.0   0.00    0.2  184.0  05:19     58
---------------------------------------------------------------------------------------
       6.5   14.1     27  -11.0     23  153.0    0.0   0.57    1.0  184.0     17    351
    
Updated: 01. 03. 19 00:00:00