Paupisi (BN), Italia

41° 11.73' N | 014° 39.88' E | 320 metri | Mostra sulla mappa

Tabelle Climatiche March 2019

25. 03. 19 13:05:00 CET

Stazione:LaCrosse WS-2350
Software:WeeWX v3.9.1
Weewx uptime:30 days, 1 hour, 47 minutes
Server uptime:30 days, 0 hours, 57 minutes
                   MONTHLY CLIMATOLOGICAL SUMMARY for mar 2019


NAME: Paupisi (BN), Italia                  
ELEV: 320 metri    LAT: 41-11.73 N    LONG: 014-39.88 E


                   TEMPERATURE (°C), RAIN (cm), WIND SPEED (km/h)

                                         HEAT   COOL         AVG
      MEAN                               DEG    DEG          WIND                   DOM
DAY   TEMP   HIGH   TIME    LOW   TIME   DAYS   DAYS   RAIN  SPEED   HIGH   TIME    DIR
---------------------------------------------------------------------------------------
 01    9.1   13.6  11:44   -8.8  13:01    9.3    0.0   0.00    0.2  184.0  11:47    112
 02    9.9   14.1  15:05    6.9  05:57    8.5    0.0   0.21    0.3  184.0  11:40    332
 03    9.9   16.4  14:45    5.4  05:41    8.4    0.0   0.05    0.1  184.0  09:49    327
 04    9.6   14.3  14:46    5.4  04:45    8.8    0.0   0.00    0.3  184.0  05:51     88
 05   11.6   15.9  11:47  -27.8  19:08    6.7    0.0   0.00    0.3  184.0  22:30     79
 06   10.7   15.9  14:33  -10.0  10:11    7.7    0.0   0.00    0.3  184.0  16:10     56
 07   13.7   19.0  14:09  -23.4  03:06    4.7    0.0   0.00    0.5  184.0  03:11     56
 08   13.1   18.1  14:42   -7.2  17:40    5.3    0.0   0.00    0.3  184.0  00:43     87
 09   11.3   15.9  13:12    8.5  20:28    7.0    0.0   0.00    0.4  184.0  01:59    359
 10   10.4   12.6  09:34   -9.1  08:11    8.0    0.0   0.00    0.3  184.0  02:58     73
 11   11.7   16.0  15:10    6.1  23:58    6.6    0.0   0.26    0.3  184.0  00:55     45
 12    6.9    8.8  14:59    4.8  03:49   11.4    0.0   0.26    1.9  183.6  06:45     89
 13    7.7   13.1  15:00   -9.7  17:56   10.6    0.0   0.26    0.3  184.0  06:43     55
 14    8.0   11.4  15:01   -9.1  15:09   10.3    0.0   0.10    0.6  184.0  07:21    323
 15    9.0   14.9  14:19    4.1  06:02    9.3    0.0   0.00    0.4  184.0  00:05     37
 16   10.9   14.6  13:29    6.4  00:50    7.5    0.0   0.00    1.0  184.0  03:45     15
 17   11.0   15.9  14:44    6.9  06:35    7.3    0.0   0.00    1.0  184.0  15:50    352
 18   10.9   15.4  14:30    7.8  06:25    7.5    0.0   0.00    0.9  184.0  04:23    359
 19    9.3   15.1  14:10  -17.4  14:05    9.0    0.0   0.10    0.6  184.0  03:07    320
 20    8.2    9.5  13:23    7.1  00:00   10.1    0.0   0.05    0.4  184.0  01:31    314
 21   10.2   15.5  13:31   -8.2  16:33    8.1    0.0   0.00    0.4  184.0  02:41    313
 22   12.1   17.4  14:09    8.4  06:30    6.2    0.0   0.00    0.4  184.0  03:20    312
 23   13.7   19.2  13:34    9.8  05:01    4.6    0.0   0.00    0.2  184.0  03:39    311
 24   14.4   20.5  14:20   -8.2  19:47    3.9    0.0   0.00    0.2  184.0  05:11      7
 25   11.1   16.5  13:01   -9.0  09:24    7.2    0.0   0.00    0.6  183.6  04:59     88
 26
 27
 28
 29
 30
 31
---------------------------------------------------------------------------------------
      10.6   20.5     24  -27.8     05  194.0    0.0   1.29    0.5  184.0     01     20
    
Updated: 25. 03. 19 13:05:00