Paupisi (BN) - Italy

41° 11.73' N | 014° 39.88' E | 320 metri | Mostra sulla mappa

Tabelle Climatiche April 2019

09/12/2019 13:30:00 CET

Stazione:LaCrosse WS-2350
Software:WeeWX v3.9.2
Weewx uptime:40 days, 16 hours, 3 minutes
Server uptime:40 days, 18 hours, 57 minutes
                   MONTHLY CLIMATOLOGICAL SUMMARY for apr 2019


NAME: Paupisi (BN), Italy                  
ELEV: 320 metri    LAT: 41-07.04 N    LONG: 014-23.97 E


                   TEMPERATURE (°C), RAIN (cm), WIND SPEED (km/h)

                                         HEAT   COOL         AVG
      MEAN                               DEG    DEG          WIND                   DOM
DAY   TEMP   HIGH   TIME    LOW   TIME   DAYS   DAYS   RAIN  SPEED   HIGH   TIME    DIR
---------------------------------------------------------------------------------------
 01   13,5   21,3  17:09    7,8  06:09    4,9    0,0   0,00    0,0    0,0  00:09     90
 02   12,8   18,4  15:09    9,4  07:09    5,5    0,0   0,00    0,1  184,0  23:56    330
 03   11,0   13,9  14:34    9,3  07:19    7,3    0,0   0,00    0,3  184,0  00:31    341
 04   11,7   14,7  11:33   -9,1  08:43    6,6    0,0   0,21    0,4  184,0  08:28    318
 05   10,7   14,7  16:09   -8,8  00:16    7,6    0,0   0,67    1,1  184,0  03:24    356
 06   12,6   18,4  13:19    7,9  00:01    5,8    0,0   0,00    0,6  184,0  01:59    323
 07   11,7   14,9  13:57  -10,0  07:44    6,6    0,0   0,00    0,5  184,0  08:53    356
 08   11,1   15,6  16:09  -10,0  09:58    7,3    0,0   0,00    0,5  184,0  00:37    346
 09   11,5   15,4  16:20    9,1  23:53    6,9    0,0   0,00    0,1  184,0  12:36    343
 10   10,3   15,3  16:05    6,1  06:17    8,1    0,0   0,57    0,3  184,0  02:53     42
 11    9,8   13,1  12:43   -8,9  11:38    8,5    0,0   0,47    3,5  184,0  11:10    313
 12   10,8   15,3  16:37    6,9  06:30    7,5    0,0   0,36    8,7  183,6  07:41    317
 13   10,6   12,9  16:10    9,1  05:59    7,7    0,0   0,00    2,3  184,0  18:07    337
 14   10,8   13,9  12:55    7,8  06:00    7,5    0,0   0,10    0,4  184,0  05:59    338
 15    9,4   12,6  18:05    7,4  02:33    8,9    0,0   0,00    0,1   91,8  00:41    337
 16   11,7   17,6  14:26    6,6  06:02    6,7    0,0   0,00    0,1  184,0  09:25     80
 17   12,3   18,8  14:29    7,8  06:15    6,0    0,0   0,00    0,3  184,0  10:31    330
 18   13,8   19,2  14:15    8,2  03:51    4,5    0,0   0,00    0,3  184,0  02:34    335
 19
 20
 21
 22
 23   15,3   16,9  19:19   14,3  23:04    3,1    0,0   0,00    0,3   91,8  20:48    355
 24   17,5   24,6  16:16   -5,9  21:43    0,9    0,0   0,00    0,3  184,0  07:20    339
 25   16,9   25,6  11:31   13,4  05:15    1,4    0,0   0,00    0,4  184,0  05:00    319
 26
 27
 28
 29
 30
---------------------------------------------------------------------------------------
      12,0   25,6     25  -10,0     07  129,4    0,0   2,38    0,8  184,0     02    324
    
Updated: 25/04/2019 11:45:00