Paupisi (BN), Italy

41° 07.04' N | 014° 23.97' E | 320 metri | Mostra sulla mappa

Tabelle Climatiche May 2019

25/06/2019 04:25:00 CEST

Stazione:LaCrosse WS-2350
Software:WeeWX v3.9.1
Weewx uptime:5 days, 6 hours, 48 minutes
Server uptime:2 days, 10 hours, 10 minutes
                   MONTHLY CLIMATOLOGICAL SUMMARY for mag 2019


NAME: Paupisi (BN), Italy                  
ELEV: 320 metri    LAT: 41-07.04 N    LONG: 014-23.97 E


                   TEMPERATURE (°C), RAIN (cm), WIND SPEED (km/h)

                                         HEAT   COOL         AVG
      MEAN                               DEG    DEG          WIND                   DOM
DAY   TEMP   HIGH   TIME    LOW   TIME   DAYS   DAYS   RAIN  SPEED   HIGH   TIME    DIR
---------------------------------------------------------------------------------------
 01
 02
 03
 04
 05
 06
 07
 08
 09
 10
 11
 12
 13
 14
 15
 16
 17
 18
 19
 20
 21
 22   14,9   17,5  19:05   12,8  23:50    3,4    0,0   0,00    0,5  184,0  19:09    328
 23   14,7   19,9  13:53   11,3  04:00    3,6    0,0   0,21    0,4  184,0  11:07    336
 24   15,2   20,9  16:40   11,1  03:16    3,1    0,0   0,00    0,7  184,0  11:09    355
 25   16,4   21,4  16:04   11,9  05:16    1,9    0,0   0,00    0,9  184,0  08:07    337
 26   14,6   15,8  14:39   -7,9  23:07    3,7    0,0   1,92    1,3   91,8  01:09    318
 27   14,9   17,1  18:17   13,6  03:51    3,4    0,0   0,67   75,3  183,6  15:00    316
 28   16,0   21,0  14:55   13,4  05:30    2,3    0,0   0,83   12,5  184,0  16:27    313
 29   16,3   19,5  15:01   13,0  23:29    2,1    0,0   0,26    1,3  184,0  09:19    331
 30   15,3   19,8  13:00   11,5  04:19    3,1    0,0   0,00    1,4  184,0  08:14    324
 31   15,7   19,5  14:17   -6,1  16:28    2,6    0,0   0,00    1,2  184,0  07:19    323
---------------------------------------------------------------------------------------
      15,4   21,4     25   -7,9     26   29,3    0,0   3,89    2,6  184,0     22    319
    
Updated: 01/06/2019 00:00:00