Paupisi (BN) - Italy

41° 11.73' N | 014° 39.88' E | 320 metri | Mostra sulla mappa

Tabelle Climatiche June 2019

09/12/2019 13:35:00 CET

Stazione:LaCrosse WS-2350
Software:WeeWX v3.9.2
Weewx uptime:40 days, 16 hours, 8 minutes
Server uptime:40 days, 19 hours, 2 minutes
                   MONTHLY CLIMATOLOGICAL SUMMARY for giu 2019


NAME: Paupisi (BN), Italy                  
ELEV: 320 metri    LAT: 41-07.04 N    LONG: 014-23.97 E


                   TEMPERATURE (°C), RAIN (cm), WIND SPEED (km/h)

                                         HEAT   COOL         AVG
      MEAN                               DEG    DEG          WIND                   DOM
DAY   TEMP   HIGH   TIME    LOW   TIME   DAYS   DAYS   RAIN  SPEED   HIGH   TIME    DIR
---------------------------------------------------------------------------------------
 01   16,4   21,6  13:05   -8,2  06:45    1,9    0,0   0,00    0,6  184,0  01:53    338
 02   16,9   22,4  14:37   -1,8  17:19    1,4    0,0   1,45    3,3  184,0  14:48    315
 03   18,0   22,9  15:15   -5,8  10:18    0,4    0,0   0,00    1,9  184,0  09:39    344
 04   17,0   17,6  21:18   16,7  23:59    1,3    0,0   0,00    0,0   22,7  23:22    338
 05   19,2   23,6  16:57   16,7  00:01    0,0    0,8   0,00    2,6  184,0  12:54    322
 06   20,7   26,6  14:41   16,3  06:15    0,0    2,4   0,00    1,5  184,0  10:00    316
 07   17,9   28,4  10:46   -7,0  05:14    0,4    0,0   0,00    1,6  184,0  02:11    327
 08
 09   28,8   32,4  16:02   23,1  23:59    0,0   10,5   0,00    0,2  184,0  20:08    325
 10   26,7   33,4  16:33   21,1  05:46    0,0    8,3   0,00    0,3  184,0  01:15    303
 11   25,0   31,6  14:01   -0,1  21:29    0,0    6,7   0,00    0,2  184,0  05:18    345
 12   25,6   32,3  15:19   19,9  03:27    0,0    7,3   0,00    0,1    5,0  15:38     71
 13
 14   25,4   27,3  20:47   24,8  22:34    0,0    7,1   0,00    0,0    0,0  20:47     90
 15   26,4   31,8  15:00   22,2  23:42    0,0    8,1   0,00    0,2  184,0  07:39     37
 16   23,8   30,4  15:59   19,1  05:28    0,0    5,5   0,00    0,7  184,0  01:50      7
 17   20,2   23,8  20:46   16,8  05:24    0,0    1,8   0,00    0,1  183,6  05:44    141
 18   25,2   31,5  15:11   20,9  03:45    0,0    6,9   0,16    0,1  184,0  15:54    334
 19   23,9   28,9  14:48   19,1  05:25    0,0    5,5   0,00    0,5  184,0  03:29     80
 20
 21
 22   26,1   28,9  18:20   23,8  23:55    0,0    7,8   0,00    0,0    4,7  23:37    107
 23   25,1   30,7  16:22    0,1  16:10    0,0    6,8   0,00    0,2  184,0  08:38    294
 24   25,2   30,4  12:51   20,8  04:35    0,0    6,8   0,00    0,3  184,0  08:54    321
 25   24,6   29,3  18:25   21,4  03:50    0,0    6,3   0,00    0,0    0,0  00:00     90
 26   27,3   31,9  13:35   23,1  05:00    0,0    9,0   0,00    0,1  183,6  10:40     10
 27   28,9   34,1  14:08    2,0  14:13    0,0   10,5   0,00    0,1  183,6  20:47    326
 28   23,8   27,2  06:31   22,5  04:30    0,0    5,5   0,00    0,0    0,0  00:00     90
 29   28,0   30,9  14:18   23,0  23:58    0,0    9,7   0,00    0,5    9,4  13:31      9
 30   26,8   32,9  15:42   21,4  05:36    0,0    8,4   0,00    0,2  183,6  14:27    318
---------------------------------------------------------------------------------------
      23,7   34,1     27   -8,2     01    5,5  141,7   1,61    0,6  184,0     01    327
    
Updated: 01/07/2019 00:00:00