Paupisi (BN), Italy

41° 07.04' N | 014° 23.97' E | 320 metri | Mostra sulla mappa

Tabelle Climatiche July 2019

10/07/2019 11:40:00 CEST

Stazione:LaCrosse WS-2350
Software:WeeWX v3.9.1
Weewx uptime:2 days, 14 hours, 23 minutes
Server uptime:1 day, 15 hours, 12 minutes
                   MONTHLY CLIMATOLOGICAL SUMMARY for lug 2019


NAME: Paupisi (BN), Italy                  
ELEV: 320 metri    LAT: 41-07.04 N    LONG: 014-23.97 E


                   TEMPERATURE (°C), RAIN (cm), WIND SPEED (km/h)

                                         HEAT   COOL         AVG
      MEAN                               DEG    DEG          WIND                   DOM
DAY   TEMP   HIGH   TIME    LOW   TIME   DAYS   DAYS   RAIN  SPEED   HIGH   TIME    DIR
---------------------------------------------------------------------------------------
 01   26,9   33,4  16:26    1,9  15:54    0,0    8,6   0,00    0,2  183,6  00:32     29
 02   27,5   33,6  15:35   21,6  05:29    0,0    9,2   0,00    0,2    7,2  14:30     77
 03   28,3   33,9  15:23   -0,1  03:57    0,0   10,0   0,00    0,2  184,0  07:36     88
 04   27,6   33,3  15:59   23,3  03:56    0,0    9,2   0,00    0,3  183,6  06:38    343
 05   25,1   26,8  21:11   24,2  23:50    0,0    6,7   0,00    0,0    0,0  21:11     90
 06   26,7   32,8  16:28   22,0  05:30    0,0    8,4   0,00    0,7  184,0  09:19     92
 07   26,3   31,3  17:08    0,1  13:33    0,0    8,0   0,00    0,7  184,0  01:22     70
 08   25,9   27,3  20:35   24,4  23:52    0,0    7,5   0,00    0,0    2,2  23:18    309
 09   26,1   31,4  13:50   23,3  03:11    0,0    7,8   0,16    0,3   11,2  14:36     88
 10   23,9   27,9  11:04   21,9  05:40    0,0    5,6   0,00    0,3  184,0  03:46     17
 11
 12
 13
 14
 15
 16
 17
 18
 19
 20
 21
 22
 23
 24
 25
 26
 27
 28
 29
 30
 31
---------------------------------------------------------------------------------------
      26,8   33,9     03   -0,1     03    0,0   81,0   0,16    0,4  184,0     03     73
    
Updated: 10/07/2019 11:40:00