Paupisi (BN) - Italy

41° 11.73' N | 014° 39.88' E | 320 metri | Mostra sulla mappa

Tabelle Climatiche August 2019

22/08/2019 12:30:00 CEST

Stazione:LaCrosse WS-2350
Software:WeeWX v3.9.2
Weewx uptime:3 days, 2 hours, 46 minutes
Server uptime:3 days, 1 hour, 43 minutes
                   MONTHLY CLIMATOLOGICAL SUMMARY for ago 2019


NAME: Paupisi (BN) - Italy                  
ELEV: 320 metri    LAT: 41-11.73 N    LONG: 014-39.88 E


                   TEMPERATURE (°C), RAIN (cm), WIND SPEED (km/h)

                                         HEAT   COOL         AVG
      MEAN                               DEG    DEG          WIND                   DOM
DAY   TEMP   HIGH   TIME    LOW   TIME   DAYS   DAYS   RAIN  SPEED   HIGH   TIME    DIR
---------------------------------------------------------------------------------------
 01
 02
 03
 04
 05
 06
 07   26,8   32,9  16:07   19,9  06:07    0,0    8,5   0,00    0,0    0,0  05:07     90
 08   27,1   33,4  15:07   20,9  05:07    0,0    8,8   0,00    0,0    0,0  02:07     90
 09   28,6   34,1  17:07   24,1  06:07    0,0   10,3   0,00    0,0    0,0  02:07     90
 10   28,3   34,1  15:07   23,6  06:07    0,0   10,0   0,00    0,0    0,0  02:07     90
 11   30,1   36,9  16:07   23,8  06:07    0,0   11,7   0,00    0,0    0,0  02:07     90
 12   30,0   37,6  16:07   24,9  06:07    0,0   11,7   0,00    0,0    0,0  02:07     90
 13   28,4   34,3  15:07   23,9  01:07    0,0   10,1   0,00    0,2    3,6  13:07     90
 14   25,0   29,6  14:22   22,1  23:58    0,0    6,7   0,00    0,2    9,0  15:30     67
 15   24,4   29,2  17:07   20,2  06:40    0,0    6,0   0,00    0,1    7,9  10:05    322
 16   23,4   29,1  16:00   18,9  06:18    0,0    5,0   0,21    0,2  184,0  20:32     18
 17   24,1   30,1  15:55   19,3  05:59    0,0    5,8   0,00    0,1    5,4  18:00    353
 18   25,2   31,9  15:15   19,8  06:10    0,0    6,8   0,00    0,1    5,8  17:20     40
 19   25,8   32,8  16:41   20,6  06:23    0,0    7,5   0,00    0,1    6,1  11:35     45
 20   27,1   34,1  15:00   21,9  05:56    0,0    8,8   0,00    0,2    7,2  16:41     18
 21   26,2   32,1  15:07   21,3  06:36    0,0    7,8   0,00    0,2   13,0  12:55     77
 22   25,8   32,4  12:07   23,1  01:30    0,0    7,5   0,00    0,1    6,1  11:47    317
 23
 24
 25
 26
 27
 28
 29
 30
 31
---------------------------------------------------------------------------------------
      26,7   37,6     12   18,9     16    0,0  133,0   0,21    0,1  184,0     16     42
    
Updated: 22/08/2019 12:30:00