MONTHLY CLIMATOLOGICAL SUMMARY for lug 2018 NAME: Paupisi, Italia ELEV: 320 metri LAT: 41-11.73 N LONG: 014-39.88 E TEMPERATURE (°C), RAIN (mm), WIND SPEED (m/s) HEAT COOL AVG MEAN DEG DEG WIND DOM DAY TEMP HIGH TIME LOW TIME DAYS DAYS RAIN SPEED HIGH TIME DIR --------------------------------------------------------------------------------------- 01 23,9 30,4 16:52 18,9 04:52 0,0 5,6 0,0 0,1 2,0 13:32 87 02 24,3 30,4 16:09 18,9 04:45 0,0 5,9 0,0 0,1 2,5 15:13 84 03 23,9 29,1 15:10 19,0 05:35 0,0 5,5 0,0 0,1 2,8 13:30 83 04 24,1 29,5 15:36 19,9 05:05 0,0 5,8 0,0 0,1 2,8 15:46 87 05 24,7 30,9 15:32 20,1 05:33 0,0 6,4 0,0 0,1 3,3 14:13 95 06 24,1 28,6 15:58 20,1 04:28 0,0 5,8 0,0 0,1 2,3 11:17 88 07 23,5 32,2 14:08 18,9 23:11 0,0 5,2 7,8 0,0 3,1 22:39 344 08 23,9 29,0 16:34 -3,8 04:40 0,0 5,5 0,0 0,1 51,0 00:11 19 09 23,7 27,9 14:48 19,2 04:37 0,0 5,4 0,0 0,0 51,0 16:21 27 10 23,8 28,6 15:41 18,5 05:50 0,0 5,4 0,0 0,1 2,3 17:46 52 11 23,0 27,4 14:07 18,8 05:55 0,0 4,6 0,0 0,1 2,4 15:00 85 12 24,0 29,1 15:19 19,6 05:20 0,0 5,7 0,0 0,1 2,2 11:53 87 13 24,6 30,7 16:16 19,9 04:21 0,0 6,2 0,0 0,1 2,7 12:15 87 14 27,2 33,4 15:23 21,4 05:32 0,0 8,9 0,0 0,0 1,3 10:13 340 15 26,6 31,8 15:44 23,3 03:10 0,0 8,3 0,0 0,1 3,0 12:09 84 16 25,1 31,0 15:08 19,9 07:25 0,0 6,7 0,0 0,1 2,7 14:59 82 17 23,2 27,1 17:31 19,1 05:22 0,0 4,8 12,4 0,0 51,0 07:48 311 18 25,6 31,4 17:31 19,9 05:45 0,0 7,2 0,0 0,0 1,3 14:10 21 19 24,9 30,6 15:32 20,1 05:39 0,0 6,5 0,0 0,1 51,1 16:28 54 20 24,9 31,2 15:31 20,5 04:52 0,0 6,6 0,0 0,1 2,4 14:07 85 21 24,9 30,4 15:29 19,8 05:31 0,0 6,5 0,0 0,0 2,4 14:47 88 22 25,6 30,8 15:38 22,1 00:00 0,0 7,3 0,0 0,1 2,8 11:01 87 23 21,0 23,8 10:00 17,7 12:48 0,0 2,7 12,4 0,1 51,0 15:17 72 24 24,2 28,6 16:58 19,0 02:50 0,0 5,8 0,0 0,1 2,9 10:20 54 25 25,1 30,4 15:19 19,8 06:02 0,0 6,7 0,0 0,0 1,8 14:20 34 26 24,9 31,5 14:11 12,6 05:39 0,0 6,6 0,0 0,0 1,9 16:39 33 27 23,8 29,8 16:16 16,2 07:33 0,0 5,5 0,0 0,1 3,0 17:31 79 28 24,1 29,6 16:01 19,9 05:45 0,0 5,8 0,0 0,1 2,4 11:28 85 29 25,9 31,3 15:43 21,5 04:22 0,0 7,6 0,0 0,0 51,1 21:46 51 30 27,3 33,0 15:53 22,2 06:07 0,0 9,0 0,0 0,0 2,1 15:40 11 31 28,2 34,1 14:37 22,9 05:47 0,0 9,9 0,0 0,0 51,1 13:19 12 --------------------------------------------------------------------------------------- 24,6 34,1 31 -3,8 08 0,0 195,6 32,6 0,1 51,1 19 74 Updated: 01/08/2018 00:00:00