Paupisi (BN) - Italy

41° 11.73' N | 014° 39.88' E | 320 metri | Show on map

Climate Summary for November 2019

02/04/2020 01:15:00 CEST

Station:LaCrosse WS-2350
Software:WeeWX v3.9.2
Weewx uptime:38 days, 7 hours, 50 minutes
Server uptime:155 days, 5 hours, 42 minutes
                   MONTHLY CLIMATOLOGICAL SUMMARY for nov 2019


NAME: Paupisi (BN) - Italy                  
ELEV: 320 metri    LAT: 41-11.73 N    LONG: 014-39.88 E


                   TEMPERATURE (°C), RAIN (cm), WIND SPEED (km/h)

                                         HEAT   COOL         AVG
      MEAN                               DEG    DEG          WIND                   DOM
DAY   TEMP   HIGH   TIME    LOW   TIME   DAYS   DAYS   RAIN  SPEED   HIGH   TIME    DIR
---------------------------------------------------------------------------------------
 01   15,1   17,3  13:06   13,8  00:00    3,3    0,0   0,00    0,2  184,0  20:25    334
 02   14,9   17,9  14:58   12,6  06:53    3,4    0,0   0,41    0,6  184,0  01:34    338
 03   16,0   18,5  22:44   14,1  00:00    2,3    0,0   2,28   71,1  183,6  16:49    295
 04   15,4   17,3  13:38   13,1  07:10    3,0    0,0   0,00    9,4   91,8  01:35    277
 05   17,7   20,3  12:50   13,5  00:35    0,6    0,0   1,45    6,1  184,0  05:47    298
 06   13,4   15,9  02:53   10,8  23:54    4,9    0,0   0,10   95,2  183,6  01:58    289
 07   10,7   13,8  14:50  -30,0  05:30    7,6    0,0   0,00    N/A    N/A    N/A     90
 08   11,2   16,1  14:44    7,5  05:59    7,1    0,0   0,21    3,3  184,0  15:27    295
 09   10,4   11,4  01:13    8,2  23:50    7,9    0,0   1,76   93,7  183,6  18:33    270
 10   10,0   13,2  13:30    7,1  06:45    8,3    0,0   0,10   82,5  184,0  05:59    270
 11   12,8   16,5  12:49    9,8  05:26    5,5    0,0   0,00    0,0    5,8  10:29    293
 12   13,7   15,1  13:13   12,3  23:56    4,7    0,0   0,62    1,2  184,0  09:40    314
 13   11,4   13,3  13:17    9,6  06:30    6,9    0,0   1,35    1,8  184,0  01:07    340
 14   10,6   13,6  15:10    8,6  02:18    7,7    0,0   0,00    1,2  184,0  00:19    338
 15   13,1   17,5  22:27    8,5  00:30    5,2    0,0   0,00    1,5  184,0  00:09    338
 16   14,3   18,3  23:42   12,2  05:15    4,1    0,0   0,41   29,4  183,6  03:01    271
 17   13,9   18,3  00:00    9,7  23:58    4,5    0,0   0,31    2,0  106,6  12:10    313
 18   10,8   13,9  13:19    7,8  07:25    7,6    0,0   0,00    0,0    4,3  19:47     43
 19   11,2   13,9  12:49    9,3  22:17    7,1    0,0   0,00    0,0  184,0  12:27    330
 20    9,9   12,1  13:20    8,5  06:25    8,4    0,0   0,05    0,0  184,0  09:35    344
 21    9,0   11,9  11:30    6,2  04:40    9,3    0,0   0,00    0,1  184,0  17:30    341
 22    9,6   13,0  14:35    7,2  04:15    8,7    0,0   0,10    0,0    4,0  16:11     99
 23   11,5   15,2  20:27    7,8  04:45    6,8    0,0   0,00    0,1  184,0  07:55    323
 24   11,9   14,6  00:00   11,1  05:58    6,4    0,0   0,26    0,9  184,0  03:33    337
 25   12,1   13,6  15:10   10,6  05:00    6,2    0,0   0,00    0,1  183,6  19:21     67
 26   11,2   14,2  13:15    9,3  22:46    7,1    0,0   0,00    0,4  184,0  22:05    338
 27   12,4   15,9  23:25    9,1  03:54    5,9    0,0   0,05    1,0  184,0  00:01    339
 28   12,9   15,6  00:00    9,1  21:42    5,5    0,0   0,16    0,5  184,0  02:48    344
 29   11,9   15,0  22:19    9,3  07:26    6,4    0,0   0,10    1,3    7,9  22:38     77
 30   10,7   13,1  00:15    8,8  06:43    7,6    0,0   0,00    N/A    N/A    N/A     90
---------------------------------------------------------------------------------------
      12,3   20,3     05  -30,0     07  180,0    0,0   9,74    4,4  184,0     01    283
    
Updated: 01/12/2019 00:00:00