Paupisi (BN) - Italy

41° 11.73' N | 014° 39.88' E | 320 metri | Mostra sulla mappa

Tabelle Climatiche February 2020

17/02/2020 23:50:00 CET

Stazione:LaCrosse WS-2350
Software:WeeWX v3.9.2
Weewx uptime:6 days, 4 hours, 24 minutes
Server uptime:111 days, 5 hours, 17 minutes
                   MONTHLY CLIMATOLOGICAL SUMMARY for feb 2020


NAME: Paupisi (BN) - Italy                  
ELEV: 320 metri    LAT: 41-11.73 N    LONG: 014-39.88 E


                   TEMPERATURE (°C), RAIN (cm), WIND SPEED (km/h)

                                         HEAT   COOL         AVG
      MEAN                               DEG    DEG          WIND                   DOM
DAY   TEMP   HIGH   TIME    LOW   TIME   DAYS   DAYS   RAIN  SPEED   HIGH   TIME    DIR
---------------------------------------------------------------------------------------
 01   10,2   11,6  16:10    8,8  05:09    8,2    0,0   0,00    0,4  184,0  18:03    337
 02   11,0   13,4  14:15    8,4  06:55    7,3    0,0   0,00    1,1  184,0  00:18    340
 03   11,9   15,1  13:54    9,9  21:27    6,4    0,0   0,05    0,9  184,0  00:51    353
 04   11,0   15,1  11:54    4,1  22:57    7,4    0,0   0,21    3,8  184,0  00:15    331
 05    4,6    6,4  00:00    2,6  13:55   13,7    0,0   0,36    1,9  184,0  08:50     91
 06    4,9    6,5  14:05    3,1  07:08   13,4    0,0   0,00    1,5   18,4  00:10     90
 07    4,2    8,9  11:49    1,1  07:09   14,2    0,0   0,00    0,0    4,7  00:27     48
 08    4,7   10,4  13:38    1,8  03:35   13,6    0,0   0,00    0,0    3,2  13:37    340
 09    5,6   10,6  13:53    1,6  05:13   12,7    0,0   0,00    0,0    6,1  13:14    122
 10   10,2   13,6  23:47    6,1  00:00    8,1    0,0   0,00    0,8   20,5  15:40     56
 11   13,3   15,5  13:06   11,1  22:12    5,0    0,0   0,00    0,4   11,5  02:16     61
 12   10,9   14,5  12:06    6,9  23:15    7,5    0,0   0,00    0,1  184,0  18:45     40
 13    8,9   12,5  15:15    5,9  06:50    9,5    0,0   0,00    0,1  184,0  19:38     58
 14    9,9   12,8  14:10    8,0  00:21    8,5    0,0   1,04    0,2   10,1  23:14     93
 15    9,7   13,6  13:35    5,9  23:40    8,6    0,0   0,00    0,2    8,3  01:15     69
 16    7,3   12,7  14:05    3,4  07:04   11,0    0,0   0,00    0,1  184,0  22:05    340
 17    7,3   12,7  14:21    3,1  06:34   11,0    0,0   0,00    1,5  184,0  00:15    339
 18
 19
 20
 21
 22
 23
 24
 25
 26
 27
 28
 29
---------------------------------------------------------------------------------------
       8,6   15,5     11    1,1     07  166,1    0,0   1,66    0,8  184,0     01     11
    
Updated: 17/02/2020 23:50:00