Paupisi (BN) - Italy

41° 11.73' N | 014° 39.88' E | 320 metri | Show on map

Climate Summary for February 2020

09/07/2020 01:25:00 CEST

Station:LaCrosse WS-2350
Software:WeeWX v3.9.2
Weewx uptime:136 days, 8 hours, 0 minutes
Server uptime:253 days, 5 hours, 52 minutes
                   MONTHLY CLIMATOLOGICAL SUMMARY for feb 2020


NAME: Paupisi (BN) - Italy                  
ELEV: 320 metri    LAT: 41-11.73 N    LONG: 014-39.88 E


                   TEMPERATURE (°C), RAIN (cm), WIND SPEED (km/h)

                                         HEAT   COOL         AVG
      MEAN                               DEG    DEG          WIND                   DOM
DAY   TEMP   HIGH   TIME    LOW   TIME   DAYS   DAYS   RAIN  SPEED   HIGH   TIME    DIR
---------------------------------------------------------------------------------------
 01   10,2   11,6  16:10    8,8  05:09    8,2    0,0   0,00    0,4  184,0  18:03    337
 02   11,0   13,4  14:15    8,4  06:55    7,3    0,0   0,00    1,1  184,0  00:18    340
 03   11,9   15,1  13:54    9,9  21:27    6,4    0,0   0,05    0,9  184,0  00:51    353
 04   11,0   15,1  11:54    4,1  22:57    7,4    0,0   0,21    3,8  184,0  00:15    331
 05    4,6    6,4  00:00    2,6  13:55   13,7    0,0   0,36    1,9  184,0  08:50     91
 06    4,9    6,5  14:05    3,1  07:08   13,4    0,0   0,00    1,5   18,4  00:10     90
 07    4,2    8,9  11:49    1,1  07:09   14,2    0,0   0,00    0,0    4,7  00:27     48
 08    4,7   10,4  13:38    1,8  03:35   13,6    0,0   0,00    0,0    3,2  13:37    340
 09    5,6   10,6  13:53    1,6  05:13   12,7    0,0   0,00    0,0    6,1  13:14    122
 10   10,2   13,6  23:47    6,1  00:00    8,1    0,0   0,00    0,8   20,5  15:40     56
 11   13,3   15,5  13:06   11,1  22:12    5,0    0,0   0,00    0,4   11,5  02:16     61
 12   10,9   14,5  12:06    6,9  23:15    7,5    0,0   0,00    0,1  184,0  18:45     40
 13    8,9   12,5  15:15    5,9  06:50    9,5    0,0   0,00    0,1  184,0  19:38     58
 14    9,9   12,8  14:10    8,0  00:21    8,5    0,0   1,04    0,2   10,1  23:14     93
 15    9,7   13,6  13:35    5,9  23:40    8,6    0,0   0,00    0,2    8,3  01:15     69
 16    7,3   12,7  14:05    3,4  07:04   11,0    0,0   0,00    0,1  184,0  22:05    340
 17    7,3   12,7  14:21    3,1  06:34   11,0    0,0   0,00    1,5  184,0  00:15    339
 18    8,5   13,1  14:12    4,9  05:53    9,8    0,0   0,00    3,0  184,0  00:37    338
 19    8,4   13,1  14:55    5,5  03:05    9,9    0,0   0,05    3,5  184,0  00:40    338
 20    7,1   10,5  13:42    4,1  04:55   11,2    0,0   0,00    2,7  184,0  00:07    341
 21    6,9   12,4  13:52    2,1  06:25   11,4    0,0   0,00    0,1    6,1  13:09    126
 22    8,2   12,3  13:53    5,1  23:49   10,1    0,0   0,00    0,2  184,0  03:17     26
 23    8,1   13,8  14:23    3,3  06:25   10,2    0,0   0,00    0,7  184,0  10:01    346
 24   10,4   13,9  13:55    7,8  00:15    8,0    0,0   0,00    2,0  184,0  00:18    345
 25   11,3   14,3  13:15    9,3  00:00    7,0    0,0   0,00    2,4  184,0  01:02    352
 26   10,4   13,9  12:54    5,0  21:48    7,9    0,0   0,05    2,1  184,0  00:41      0
 27    7,7   11,4  14:22    3,3  06:18   10,7    0,0   0,26    0,5  184,0  22:36     16
 28    9,8   14,1  13:33    6,4  23:57    8,5    0,0   0,67    2,1  184,0  17:21    204
 29    8,5   12,8  13:46    3,8  06:32    9,9    0,0   0,00    0,7  184,0  06:25    350
---------------------------------------------------------------------------------------
       8,7   15,5     11    1,1     07  280,7    0,0   2,69    1,1  184,0     01    352
    
Updated: 01/03/2020 00:00:00