Paupisi (BN) - Italy

41° 11.73' N | 014° 39.88' E | 320 metri | Show on map

Climate Summary for June 2020

08/07/2020 23:20:00 CEST

Station:LaCrosse WS-2350
Software:WeeWX v3.9.2
Weewx uptime:136 days, 5 hours, 55 minutes
Server uptime:253 days, 3 hours, 47 minutes
                   MONTHLY CLIMATOLOGICAL SUMMARY for giu 2020


NAME: Paupisi (BN) - Italy                  
ELEV: 320 metri    LAT: 41-11.73 N    LONG: 014-39.88 E


                   TEMPERATURE (°C), RAIN (cm), WIND SPEED (km/h)

                                         HEAT   COOL         AVG
      MEAN                               DEG    DEG          WIND                   DOM
DAY   TEMP   HIGH   TIME    LOW   TIME   DAYS   DAYS   RAIN  SPEED   HIGH   TIME    DIR
---------------------------------------------------------------------------------------
 01   16,4   20,1  10:46   12,6  02:16    1,9    0,0   0,05    0,1    5,4  11:46     15
 02   17,8   23,6  13:58   11,9  04:40    0,6    0,0   0,00    0,1    4,7  12:42      9
 03   17,8   23,5  14:38   13,8  05:30    0,6    0,0   0,00    0,3    8,3  13:37     97
 04   18,9   24,4  15:28   13,4  05:05    0,0    0,6   0,00    0,3    8,3  10:30     87
 05   17,9   21,8  09:33   14,1  23:07    0,5    0,0   1,81    1,4   24,8  05:54     69
 06   18,4   24,1  14:39   13,4  05:15    0,0    0,1   0,00    0,4    9,0  17:27     97
 07   19,4   24,0  15:38   15,1  05:51    0,0    1,0   0,00    0,3    8,6  11:23     92
 08   19,3   24,2  15:08   15,9  23:25    0,0    0,9   0,10    0,7  184,0  21:44    356
 09   18,9   23,9  17:04   14,9  05:42    0,0    0,5   0,00    0,8  184,0  01:30    323
 10   17,2   21,9  13:13   13,3  04:49    1,2    0,0   0,05    0,6  184,0  03:28     15
 11   16,1   19,9  12:13   12,4  06:00    2,2    0,0   0,16    0,4  184,0  00:45     70
 12   17,9   23,9  16:16   12,2  05:26    0,4    0,0   0,00    0,0  184,0  00:56    338
 13   19,8   26,5  15:54   13,6  07:13    0,0    1,5   0,00    0,1  184,0  03:14    338
 14   19,9   24,3  13:28   15,6  05:43    0,0    1,6   0,00    0,3  184,0  00:25    338
 15   18,9   24,2  14:12   15,8  03:58    0,0    0,6   0,67    4,1  184,0  03:04    101
 16   17,8   22,8  13:47   16,1  01:03    0,5    0,0   2,90    1,6  184,0  14:35    344
 17   19,3   24,8  15:15   15,4  04:23    0,0    1,0   0,00    0,3    8,3  12:54     89
 18   19,6   24,2  16:18  -30,0  08:20    0,0    1,3   0,00    0,9  184,0  01:39      7
 19   19,2   24,7  13:01   14,1  05:40    0,0    0,8   0,00    0,1    7,6  13:37    102
 20   21,9   27,9  16:50   16,8  05:32    0,0    3,6   0,00    0,0    6,5  10:25     40
 21   20,1   25,9  13:18   16,5  21:58    0,0    1,8   0,00    0,1  184,0  21:50     23
 22   20,3   23,1  15:19   16,4  02:55    0,0    2,0   0,00    0,2    8,6  17:52     98
 23   24,4   27,9  15:05   20,6  00:00    0,0    6,1   0,00    0,3   10,4  12:03     66
 24   23,5   29,2  16:46   18,2  05:19    0,0    5,2   0,00    0,0    0,0  00:00     90
 25   23,1   28,9  15:41   17,5  05:29    0,0    4,8   0,00    0,0    5,8  16:13    146
 26   24,0   29,9  16:00   18,2  05:37    0,0    5,7   0,00    0,0    2,2  13:05    292
 27   25,1   31,4  17:27   19,1  05:46    0,0    6,8   0,00    0,0    1,8  15:16     90
 28   25,6   31,6  16:00   20,1  05:22    0,0    7,3   0,00    0,0    0,0  00:00     90
 29   24,8   30,4  15:46   19,8  05:17    0,0    6,4   0,00    0,2    7,9  15:22     89
 30   24,4   30,1  16:10   19,2  04:45    0,0    6,0   0,00    0,0    7,2  14:54    248
---------------------------------------------------------------------------------------
      20,3   31,6     28  -30,0     18    7,8   65,6   5,75    0,4  184,0     08     56
    
Updated: 01/07/2020 00:00:00