Paupisi (BN) - Italy

41° 11.73' N | 014° 39.88' E | 320 metri | Show on map

Tabelle Climatiche di July 2020

28/10/2020 08:40:00 CET

Stazione:LaCrosse WS-2350
Software:WeeWX v3.9.2
Aggiornamento Weewx:108 days, 14 ore, 21 minuti
Aggiornamento Server:364 days, 14 ore, 7 minuti
                   MONTHLY CLIMATOLOGICAL SUMMARY for lug 2020


NAME: Paupisi (BN) - Italy                  
ELEV: 320 metri    LAT: 41-11.73 N    LONG: 014-39.88 E


                   TEMPERATURE (°C), RAIN (cm), WIND SPEED (km/h)

                                         HEAT   COOL         AVG
      MEAN                               DEG    DEG          WIND                   DOM
DAY   TEMP   HIGH   TIME    LOW   TIME   DAYS   DAYS   RAIN  SPEED   HIGH   TIME    DIR
---------------------------------------------------------------------------------------
 01   24,7   30,4  16:32   19,8  05:21    0,0    6,4   0,00    0,0  184,0  05:15    339
 02   25,8   32,2  16:54   20,2  05:35    0,0    7,5   0,00    0,3    9,0  15:40     94
 03   25,3   30,4  14:30   20,1  05:19    0,0    6,9   0,00    0,2   10,1  15:25     98
 04   23,4   27,4  14:58   20,9  06:30    0,0    5,1   0,10    0,0    0,0  00:00     90
 05   24,6   30,1  15:51   19,5  04:55    0,0    6,2   0,00    0,0    6,1  16:43     39
 06   25,8   31,3  14:23   20,5  05:33    0,0    7,4   0,00    0,1    6,5  13:52     12
 07   24,3   28,4  10:53   20,4  05:42    0,0    6,0   0,00    0,3   84,6  18:05     16
 08   24,0   30,2  15:52   18,8  05:41    0,0    5,7   0,00    0,0    5,8  01:03    326
 09   26,1   32,5  15:19   20,3  05:45    0,0    7,7   0,00    0,0    4,7  17:43     60
 10   26,4   33,0  15:53   21,0  04:40    0,0    8,0   0,00    0,2    7,2  17:20     83
 11   25,4   31,6  15:50   20,8  05:38    0,0    7,0   0,00    0,3    9,0  15:26     84
 12   25,4   31,6  14:54   20,9  04:55    0,0    7,1   0,00    0,2    8,3  16:58      0
 13   23,0   27,6  15:41   19,8  05:16    0,0    4,7   0,00    0,3    8,3  15:23    339
 14   23,2   28,6  16:44   18,6  04:51    0,0    4,9   0,00    0,2    8,3  15:36    358
 15   22,4   27,6  16:53   17,4  06:05    0,0    4,1   0,00    0,3    7,6  18:31     86
 16   22,5   28,2  15:23   18,3  05:44    0,0    4,1   0,00    0,3   11,2  14:45     91
 17   21,2   27,2  13:31   18,6  05:44    0,0    2,9   0,21    0,2  184,0  18:04     32
 18   20,4   25,5  13:58   17,8  05:35    0,0    2,1   0,26    0,1  184,0  22:36    335
 19   21,5   26,8  15:50   16,9  04:55    0,0    3,2   0,00    0,1    6,8  13:52    326
 20   23,6   29,9  16:08   17,0  05:50    0,0    5,3   0,00    0,1    6,5  18:35     66
 21   25,8   32,8  16:24   19,1  05:06    0,0    7,5   0,00    0,0    6,5  14:07     51
 22   26,7   33,4  16:27   20,8  05:49    0,0    8,4   0,00    0,2  184,0  16:15     67
 23   25,7   31,4  14:49   20,3  07:18    0,0    7,3   0,00    0,3    8,3  14:28     92
 24   24,5   29,8  15:10   20,2  05:34    0,0    6,2   0,00    0,4   11,2  13:31     94
 25   23,3   29,8  15:16   20,2  05:35    0,0    5,0   0,05    0,1   10,4  15:49     33
 26   25,0   31,1  15:54   19,8  05:43    0,0    6,6   0,00    0,0    5,0  13:45     70
 27   26,5   32,9  16:19   20,4  05:43    0,0    8,1   0,00    0,1    6,8  14:31     56
 28   27,2   33,6  15:45   22,1  06:18    0,0    8,9   0,00    0,2    7,2  16:04     87
 29   27,3   33,6  16:01   21,8  05:49    0,0    9,0   0,00    0,1    6,5  16:19     98
 30   28,6   34,8  15:30   23,5  05:50    0,0   10,2   0,00    0,0    6,5  16:32     89
 31   28,5   35,3  16:06   23,5  06:10    0,0   10,2   0,00    0,2    9,4  13:24     92
---------------------------------------------------------------------------------------
      24,8   35,3     31   16,9     19    0,0  199,9   0,62    0,2  184,0     01     67
    
Updated: 01/08/2020 00:00:00