Paupisi (BN) - Italy

41° 11.73' N | 014° 39.88' E | 320 metri | Show on map

Tabelle Climatiche di November 2020

24/11/2020 06:40:00 CET

Stazione:LaCrosse WS-2350
Software:WeeWX v3.9.2
Aggiornamento Weewx:135 days, 12 ore, 21 minuti
Aggiornamento Server:391 days, 12 ore, 7 minuti
                   MONTHLY CLIMATOLOGICAL SUMMARY for nov 2020


NAME: Paupisi (BN) - Italy                  
ELEV: 320 metri    LAT: 41-11.73 N    LONG: 014-39.88 E


                   TEMPERATURE (°C), RAIN (cm), WIND SPEED (km/h)

                                         HEAT   COOL         AVG
      MEAN                               DEG    DEG          WIND                   DOM
DAY   TEMP   HIGH   TIME    LOW   TIME   DAYS   DAYS   RAIN  SPEED   HIGH   TIME    DIR
---------------------------------------------------------------------------------------
 01   13,3   16,3  13:15   11,8  19:59    5,0    0,0   0,00    0,1  183,6  19:59     91
 02   12,7   15,5  12:57   10,3  23:45    5,7    0,0   0,00    0,0    0,0  00:00     90
 03   11,9   15,9  13:26    8,9  06:35    6,4    0,0   0,00    0,0    0,0  13:16     90
 04   13,1   17,2  12:42    9,8  06:44    5,2    0,0   0,00    0,0    5,0  14:15    338
 05   14,6   16,9  12:50   12,4  06:55    3,7    0,0   0,00    0,0    0,0  00:00     90
 06   14,6   16,2  15:04   13,3  01:42    3,8    0,0   0,00    0,0    1,8  19:06    292
 07   13,3   16,3  12:01   10,4  23:31    5,0    0,0   0,00    0,0    0,0  00:00     90
 08   11,5   15,4  13:00    9,4  06:58    6,8    0,0   0,00    0,1  184,0  04:41    317
 09   12,1   15,8  13:30    9,6  03:55    6,2    0,0   0,00    0,0    0,0  00:00     90
 10   13,0   18,3  13:00    9,8  06:33    5,4    0,0   0,00    0,0    3,2  04:37    338
 11   11,7   16,2  13:22    9,1  05:55    6,6    0,0   0,21    0,0  184,0  19:21    335
 12   12,0   15,8  13:27    9,1  03:50    6,3    0,0   0,00    0,1  183,6  03:26    315
 13   12,7   16,2  15:12   10,5  06:59    5,6    0,0   0,00    0,1  184,0  18:50    337
 14   12,6   16,2  13:45   10,1  04:25    5,7    0,0   0,00    0,0    1,1  12:17    338
 15   13,0   16,1  15:40   10,6  06:54    5,3    0,0   0,00    N/A    N/A    N/A     90
 16   12,9   15,5  10:55   10,6  04:10    5,4    0,0   0,00    0,0    0,0  15:12     90
 17   12,6   13,4  13:41   11,6  07:11    5,8    0,0   0,00    0,2  183,6  16:55    268
 18   12,9   15,0  14:13   10,7  23:59    5,4    0,0   0,00    0,1  184,0  18:08    315
 19   11,0   14,3  13:10    8,9  07:47    7,4    0,0   0,00    0,2  184,0  03:21    331
 20   10,6   11,9  10:20    8,8  23:54    7,7    0,0   0,00    0,3   46,1  12:44      0
 21    7,5    8,9  00:00    6,1  18:56   10,8    0,0   0,00    0,3   12,2  17:25    101
 22    7,1    8,8  12:22    4,8  05:40   11,2    0,0   0,00    0,1    7,6  01:37    303
 23    9,7   12,3  13:20    8,1  00:41    8,6    0,0   0,00    0,5   11,5  10:06    316
 24    9,7   10,2  00:00    9,5  03:50    8,6    0,0   0,00    0,1  184,0  06:19    332
 25
 26
 27
 28
 29
 30
---------------------------------------------------------------------------------------
      12,0   18,3     10    4,8     22  153,7    0,0   0,21    0,1  184,0     08    327
    
Updated: 24/11/2020 06:40:00