Paupisi (BN) - Italy

41° 11.73' N | 014° 39.88' E | 320 metri | Show on map

Tabelle Climatiche di January 2021

08/10/2021 00:00:00 CEST

Stazione:LaCrosse WS-2350
Software:WeeWX v3.9.2
Aggiornamento Weewx:76 days, 13 ore, 43 minuti
Aggiornamento Server:76 days, 13 ore, 16 minuti
                   MONTHLY CLIMATOLOGICAL SUMMARY for gen 2021


NAME: Paupisi (BN) - Italy                  
ELEV: 320 metri    LAT: 41-11.73 N    LONG: 014-39.88 E


                   TEMPERATURE (°C), RAIN (cm), WIND SPEED (km/h)

                                         HEAT   COOL         AVG
      MEAN                               DEG    DEG          WIND                   DOM
DAY   TEMP   HIGH   TIME    LOW   TIME   DAYS   DAYS   RAIN  SPEED   HIGH   TIME    DIR
---------------------------------------------------------------------------------------
 01    5,2    8,7  12:03    2,3  03:50   13,1    0,0   0,00    N/A    N/A    N/A     90
 02    7,4   10,1  15:01    5,3  00:45   10,9    0,0   0,00    N/A    N/A    N/A     90
 03    5,8    7,3  00:05    3,5  21:01   12,6    0,0   0,00    N/A    N/A    N/A     90
 04    4,8    7,1  14:28    2,6  00:00   13,6    0,0   0,00    N/A    N/A    N/A     90
 05    5,2    7,9  19:54    2,4  00:27   13,1    0,0   0,00   91,8   91,8  18:55    270
 06    6,2    7,9  13:50    4,1  23:25   12,1    0,0   0,00    N/A    N/A    N/A     90
 07    5,5    8,6  13:40    3,5  06:15   12,8    0,0   0,00    N/A    N/A    N/A     90
 08    6,3    9,2  12:59    5,1  18:15   12,1    0,0   0,00    N/A    N/A    N/A     90
 09    4,9    5,8  01:50    4,1  15:24   13,4    0,0   0,00    N/A    N/A    N/A     90
 10    5,7    6,9  13:07    4,7  00:00   12,6    0,0   0,00   91,8   91,8  07:16    270
 11    5,3    6,2  14:29    4,4  09:25   13,1    0,0   0,00    N/A    N/A    N/A     90
 12    4,9    6,9  14:07    2,9  22:57   13,5    0,0   0,00    0,2  183,6  14:10    292
 13    3,9    7,5  13:26    1,3  06:39   14,4    0,0   0,00    0,1  183,6  10:05    110
 14    5,7   10,1  13:37    0,8  05:43   12,7    0,0   0,00    0,1  183,6  13:08    352
 15    4,9    6,1  00:05    3,8  15:34   13,5    0,0   0,00    0,2    8,6  14:55    289
 16    3,0    4,9  11:33    1,0  21:55   15,4    0,0   0,00    0,2    9,7  01:12    105
 17    1,3    4,3  12:13   -1,1  07:00   17,0    0,0   0,00    0,1  184,0  19:08    338
 18    2,9    5,8  15:15    0,4  23:59   15,4    0,0   0,00    0,1    6,8  15:24     62
 19    2,4    5,9  13:57   -0,9  06:58   15,9    0,0   0,00    0,0    4,0  12:42    117
 20    7,3   10,1  22:39    3,6  01:18   11,1    0,0   0,00    0,1    7,2  03:00    118
 21   10,6   13,8  13:48    7,1  02:05    7,8    0,0   0,00    0,2   13,3  11:32     31
 22   11,4   13,0  21:59    9,5  01:05    6,9    0,0   0,00    0,8   27,4  23:27    338
 23    9,4   12,7  03:09    5,5  21:15    8,9    0,0   0,00    6,7  183,6  11:01    306
 24    8,6   11,5  14:35    6,4  08:17    9,8    0,0   0,00   93,5  183,6  00:20    301
 25    7,9   11,6  17:40    3,8  06:52   10,4    0,0   0,10    1,7  183,6  03:53     91
 26    4,3    7,3  00:00    0,9  21:48   14,0    0,0   0,00    0,3   11,2  07:11     94
 27    2,4    6,7  14:11   -1,5  07:25   15,9    0,0   0,00    0,0    5,8  00:28    290
 28    4,5    8,1  16:05    0,3  07:51   13,9    0,0   0,00    0,1    6,1  14:20    131
 29    9,3   13,4  19:08    5,9  00:10    9,1    0,0   0,00    0,3  184,0  13:17     93
 30    9,9   13,3  13:55    5,9  07:34    8,4    0,0   0,00    0,1   13,7  01:45     70
 31    9,3   11,0  13:11    7,6  23:05    9,0    0,0   0,00    0,4   54,7  05:35     78
---------------------------------------------------------------------------------------
       6,0   13,8     21   -1,5     27  382,4    0,0   0,10    1,2  184,0     17    299
    
Updated: 01/02/2021 00:00:00