Paupisi (BN) - Italy

41° 11.73' N | 014° 39.88' E | 320 metri | Show on map

Tabelle Climatiche di February 2021

18/05/2021 08:50:00 CEST

Stazione:LaCrosse WS-2350
Software:WeeWX v3.9.2
Aggiornamento Weewx:35 days, 17 ore, 33 minuti
Aggiornamento Server:35 days, 15 ore, 14 minuti
                   MONTHLY CLIMATOLOGICAL SUMMARY for feb 2021


NAME: Paupisi (BN) - Italy                  
ELEV: 320 metri    LAT: 41-11.73 N    LONG: 014-39.88 E


                   TEMPERATURE (°C), RAIN (cm), WIND SPEED (km/h)

                                         HEAT   COOL         AVG
      MEAN                               DEG    DEG          WIND                   DOM
DAY   TEMP   HIGH   TIME    LOW   TIME   DAYS   DAYS   RAIN  SPEED   HIGH   TIME    DIR
---------------------------------------------------------------------------------------
 01    8,5   11,2  15:14    5,9  05:25    9,8    0,0   0,00    N/A    N/A    N/A     90
 02    8,8   13,1  13:18    6,2  23:58    9,5    0,0   0,00    0,0    3,6  10:54    338
 03    8,2   10,9  12:43    4,6  07:07   10,2    0,0   0,00    0,1    9,4  16:32    152
 04   11,2   15,2  14:49    7,8  23:20    7,1    0,0   0,00    0,1    6,1  09:10     99
 05   10,8   16,4  15:21    6,9  06:25    7,5    0,0   0,00    0,0    5,8  14:19    176
 06   11,4   17,6  13:10    7,2  06:59    7,0    0,0   0,00    0,0    6,5  13:41    167
 07   11,3   16,4  12:11    9,3  23:36    7,0    0,0   0,00    0,1   63,7  17:37    349
 08    9,8   11,3  11:46    8,7  19:25    8,5    0,0   0,00    0,7   14,8  11:05     83
 09   10,8   12,4  12:19    9,3  02:04    7,5    0,0   0,00    2,6   91,8  06:14    271
 10   11,1   13,5  06:32    7,8  20:09    7,2    0,0   0,00    7,9   95,4  20:10    307
 11    8,6   12,2  14:00    6,2  06:16    9,7    0,0   0,00    0,0    2,5  18:20    248
 12    5,9    8,2  01:07    3,6  23:31   12,5    0,0   0,00    0,1  184,0  20:57    339
 13    1,2    3,9  00:00   -0,7  23:49   17,2    0,0   0,00    0,3  184,0  02:04    341
 14   -0,3    1,3  12:53   -1,6  03:47   18,6    0,0   0,00    0,9   13,0  07:58    352
 15    1,7    4,9  14:08   -1,1  23:57   16,7    0,0   0,00    0,4   13,0  12:40     93
 16    1,2    6,9  13:44   -2,6  06:48   17,1    0,0   0,00    0,0    4,3  13:35    106
 17    4,1    8,6  13:35    0,6  01:22   14,2    0,0   0,00    0,0    6,1  12:15     56
 18    6,6   12,3  14:00    3,1  00:00   11,8    0,0   0,00    0,0    4,0  10:49    328
 19    6,7   12,3  14:18    2,8  06:46   11,7    0,0   0,00    0,1  184,0  10:38      2
 20    7,4   12,1  14:14    3,8  06:01   10,9    0,0   0,00    0,0  184,0  18:50    341
 21   10,1   15,1  14:35    7,1  23:15    8,2    0,0   0,00    0,4  184,0  02:21    315
 22    9,4   15,6  13:57    5,8  07:06    8,9    0,0   0,00    0,0    4,0  12:09    308
 23   11,0   17,2  14:30    7,0  00:00    7,3    0,0   0,00    0,0    5,4  11:08    310
 24   12,8   18,5  14:31    8,4  00:50    5,6    0,0   0,00    0,0    3,6  07:48    304
 25   13,5   19,1  13:56   10,1  05:05    4,8    0,0   0,00    0,0    6,8  12:43    285
 26   11,7   17,6  13:25    7,3  23:52    6,7    0,0   0,00    0,0    3,2  14:08    112
 27    9,1   11,2  20:27    7,1  00:20    9,3    0,0   0,00    0,0  184,0  04:18    343
 28    9,8   13,4  12:34    6,3  23:56    8,5    0,0   0,00    0,2    8,3  13:34    327
---------------------------------------------------------------------------------------
       8,3   19,1     25   -2,6     16  281,0    0,0   0,00    0,4  184,0     12    308
    
Updated: 01/03/2021 00:00:00