Paupisi (BN) - Italy

41° 11.73' N | 014° 39.88' E | 320 metri | Show on map

Tabelle Climatiche di June 2021

20/06/2021 23:15:00 CEST

Stazione:LaCrosse WS-2350
Software:WeeWX v3.9.2
Aggiornamento Weewx:69 days, 7 ore, 58 minuti
Aggiornamento Server:69 days, 5 ore, 40 minuti
                   MONTHLY CLIMATOLOGICAL SUMMARY for giu 2021


NAME: Paupisi (BN) - Italy                  
ELEV: 320 metri    LAT: 41-11.73 N    LONG: 014-39.88 E


                   TEMPERATURE (°C), RAIN (cm), WIND SPEED (km/h)

                                         HEAT   COOL         AVG
      MEAN                               DEG    DEG          WIND                   DOM
DAY   TEMP   HIGH   TIME    LOW   TIME   DAYS   DAYS   RAIN  SPEED   HIGH   TIME    DIR
---------------------------------------------------------------------------------------
 01   18,5   23,6  15:21   14,4  05:19    0,0    0,2   0,00    0,1    7,6  12:04     16
 02   19,4   26,3  15:48   13,1  05:15    0,0    1,1   0,00    0,1    6,8  18:27     19
 03   21,5   28,8  14:54   15,2  06:10    0,0    3,1   0,00    0,1    5,4  17:28     56
 04   22,3   27,9  16:25   16,3  05:40    0,0    4,0   0,00    0,2   10,1  16:31    101
 05   20,4   26,1  14:17   15,9  05:00    0,0    2,1   0,00    0,2   10,1  16:55     96
 06   19,3   22,8  16:24   16,3  05:30    0,0    1,0   0,00    0,1    5,4  16:38    127
 07   17,4   23,1  15:54   14,8  04:55    0,9    0,0   0,00    0,0  184,0  17:24    337
 08   18,6   24,9  14:18   14,9  05:33    0,0    0,2   0,00    0,4  184,0  18:35    337
 09   20,6   26,3  14:46   16,1  05:36    0,0    2,3   0,00    1,5   91,8  04:23    338
 10   21,4   28,4  13:35   16,6  05:35    0,0    3,0   0,00    0,1  184,0  01:40     18
 11   20,2   26,9  14:50   16,4  04:35    0,0    1,9   0,00    0,1    7,9  13:38    100
 12   22,1   27,4  15:55   16,5  05:43    0,0    3,7   0,00    0,0    4,0  17:30     60
 13   22,0   27,8  15:16   16,6  05:56    0,0    3,7   0,00    0,3  184,0  06:15     96
 14   23,3   27,9  13:05   18,8  00:00    0,0    5,0   0,00    0,1    5,4  17:01    292
 15   21,6   27,6  15:59   16,1  05:32    0,0    3,3   0,00    0,1  184,0  22:56    358
 16   22,0   28,5  15:59   15,9  05:47    0,0    3,7   0,00    0,0    4,7  11:13    253
 17   22,0   28,8  16:15   17,5  03:18    0,0    3,6   0,00    0,1    6,8  11:26    108
 18   22,2   28,3  14:02   17,8  05:25    0,0    3,9   0,00    0,1    6,1  13:16    108
 19   23,4   28,9  16:18   18,3  06:01    0,0    5,1   0,00    0,2    9,0  15:54     95
 20   24,2   29,9  16:19   18,9  05:35    0,0    5,9   0,00    0,1    7,6  15:19     85
 21
 22
 23
 24
 25
 26
 27
 28
 29
 30
---------------------------------------------------------------------------------------
      21,1   29,9     20   13,1     02    0,9   56,7   0,00    0,2  184,0     07     27
    
Updated: 20/06/2021 23:15:00