Paupisi (BN) - Italy

41° 11.73' N | 014° 39.88' E | 320 metri | Show on map

Tabelle Climatiche di August 2021

23/09/2021 16:20:00 CEST

Stazione:LaCrosse WS-2350
Software:WeeWX v3.9.2
Aggiornamento Weewx:62 days, 6 ore, 3 minuti
Aggiornamento Server:62 days, 5 ore, 35 minuti
                   MONTHLY CLIMATOLOGICAL SUMMARY for ago 2021


NAME: Paupisi (BN) - Italy                  
ELEV: 320 metri    LAT: 41-11.73 N    LONG: 014-39.88 E


                   TEMPERATURE (°C), RAIN (cm), WIND SPEED (km/h)

                                         HEAT   COOL         AVG
      MEAN                               DEG    DEG          WIND                   DOM
DAY   TEMP   HIGH   TIME    LOW   TIME   DAYS   DAYS   RAIN  SPEED   HIGH   TIME    DIR
---------------------------------------------------------------------------------------
 01   28,2   34,1  15:15   22,2  06:13    0,0    9,9   0,00    0,4   16,6  18:26     94
 02   25,2   29,9  15:14   20,9  23:52    0,0    6,9   0,00    0,3   10,4  10:22    105
 03   23,1   29,5  13:27   18,3  08:00    0,0    4,8   0,00    0,1   10,1  14:55     90
 04   26,2   34,1  14:51   19,9  05:45    0,0    7,9   0,00    0,1    6,8  13:33     96
 05   25,4   28,3  15:15   21,4  23:55    0,0    7,1   0,00    0,2   14,8  09:16     94
 06   23,5   28,5  16:44   18,5  06:10    0,0    5,1   0,00    0,2   10,1  12:22    105
 07   25,2   31,3  15:18   20,1  05:51    0,0    6,9   0,00    0,2    9,7  14:52    100
 08   26,6   32,8  15:46   20,8  07:44    0,0    8,2   0,00    0,4   10,4  09:52     95
 09   27,1   33,1  14:57   22,3  04:45    0,0    8,8   0,00    0,2    9,0  16:07    103
 10   28,6   35,9  15:52   21,6  05:54    0,0   10,3   0,00    0,2    8,6  20:45    117
 11   30,4   36,8  16:33   25,8  06:48    0,0   12,1   0,00    0,1    5,8  02:06     90
 12   30,0   36,1  16:07   24,8  05:51    0,0   11,7   0,00    0,1    5,4  09:19    328
 13   30,0   36,9  16:10   24,5  04:10    0,0   11,6   0,00    0,1    5,8  16:26     66
 14   30,5   37,1  14:53   25,2  04:55    0,0   12,1   0,00    0,1    5,0  17:07    355
 15   29,3   35,5  15:25   23,8  06:05    0,0   10,9   0,00    0,1    7,6  15:36    110
 16   27,5   33,3  16:35   22,8  06:43    0,0    9,2   0,00    0,2   10,4  15:46     90
 17   26,3   31,3  13:21   21,9  23:54    0,0    8,0   0,00    0,3    9,4  13:18     99
 18   24,6   30,4  16:07   19,9  06:00    0,0    6,3   0,00    0,0    5,8  17:45     17
 19   25,8   31,5  15:40   21,9  06:47    0,0    7,5   0,00    0,1    6,1  00:52    353
 20   24,8   30,9  14:24   20,0  23:55    0,0    6,5   0,00    0,1    6,8  22:19    347
 21   24,7   31,5  16:22   18,8  06:25    0,0    6,4   0,00    0,1    5,4  14:05    323
 22   25,3   31,6  15:20   19,9  06:00    0,0    7,0   0,00    0,1    7,2  16:09    104
 23   24,7   29,8  15:20   20,8  06:33    0,0    6,4   0,00    0,3   10,8  11:57    106
 24   25,0   30,8  15:09   20,9  01:40    0,0    6,7   0,00    0,1    6,8  15:58    351
 25   23,9   29,2  16:41   19,9  06:55    0,0    5,5   0,00    0,0    6,1  04:21    337
 26   22,9   28,4  16:06   19,3  05:49    0,0    4,5   0,00    0,1    7,9  17:32     73
 27   22,9   27,6  14:42   18,4  06:20    0,0    4,6   0,00    0,3   10,8  15:08     99
 28   22,2   27,4  13:27   19,3  23:28    0,0    3,9   0,00    0,1    9,4  17:32     88
 29   21,1   26,4  15:58   17,9  05:16    0,0    2,8   0,00    0,1    5,4  18:13    333
 30   21,1   26,8  15:35   16,4  05:45    0,0    2,8   0,00    0,2    7,2  10:41    336
 31   21,3   26,9  15:45   16,2  06:31    0,0    3,0   0,00    0,1    8,3  15:20     99
---------------------------------------------------------------------------------------
      25,6   37,1     14   16,2     31    0,0  225,2   0,00    0,2   16,6     01     91
    
Updated: 01/09/2021 00:00:00