Paupisi (BN) - Italy

41° 11.73' N | 014° 39.88' E | 320 metri | Show on map

Tabelle Climatiche di 2021

26/07/2021 00:00:00 CEST

Stazione:LaCrosse WS-2350
Software:WeeWX v3.9.2
Aggiornamento Weewx:2 days, 13 ore, 43 minuti
Aggiornamento Server:2 days, 13 ore, 15 minuti
                     CLIMATOLOGICAL SUMMARY FOR 2021


NAME: Paupisi (BN) - Italy                  
ELEV: 320 metri    LAT: 41-11.73 N    LONG: 014-39.88 E


                                       TEMPERATURE (°C)

                              HEAT    COOL                              MAX    MAX    MIN    MIN
          MEAN   MEAN         DEG     DEG                                >=     <=     <=     <=
 YR  MO   MAX    MIN    MEAN  DAYS    DAYS      HI  DAY     LOW  DAY     30      0      0    -20
------------------------------------------------------------------------------------------------
2021 01    8,7    3,4    6,0  382,4    0,0    13,8   21    -1,5   27      0      0      3      0
2021 02   12,4    5,2    8,3  281,0    0,0    19,1   25    -2,6   16      0      0      4      0
2021 03   13,1    5,1    8,7  300,0    0,0    20,6   31     1,9   19      0      0      0      0
2021 04   15,8    7,3   11,1  217,1    0,7    26,6   30     2,1   08      0      0      0      0
2021 05   22,0   12,1   16,8   57,3    9,0    29,8   24     8,4   04      0      0      0      0
2021 06   29,1   18,1   23,1    0,9  144,5    35,7   23    13,1   02     10      0      0      0
2021 07   30,2   19,9   24,6    0,0  156,8    35,9   08    17,2   15     14      0      0      0
2021 08
2021 09
2021 10
2021 11
2021 12
------------------------------------------------------------------------------------------------
          18,5    9,9   13,8 1238,7  310,9    35,9  lug    -2,6  feb     24      0      7      0


                  PRECIPITATION (cm)

                  MAX         ---DAYS OF RAIN---
                  OBS.               OVER
 YR  MO  TOTAL    DAY  DATE   0.03   0.30   3.00
------------------------------------------------
2021 01   0,10   0,10    25      1      0      0
2021 02   0,00   0,00    01      0      0      0
2021 03   0,00   0,00    01      0      0      0
2021 04   0,21   0,21    05      1      0      0
2021 05   0,00   0,00    01      0      0      0
2021 06   0,00   0,00    01      0      0      0
2021 07   0,00   0,00    01      0      0      0
2021 08
2021 09
2021 10
2021 11
2021 12
------------------------------------------------
          0,31   0,21   apr      2      0      0


           WIND SPEED (km/h)

                                DOM
 YR  MO    AVG     HI   DATE    DIR
-----------------------------------
2021 01    1,2  184,0     17    299 
2021 02    0,4  184,0     12    308 
2021 03    0,2  184,0     05     47 
2021 04    0,3  184,0     12     14 
2021 05    0,4  184,0     01    318 
2021 06    0,2  184,0     07     31 
2021 07    0,2  184,0     05     87 
2021 08
2021 09
2021 10
2021 11
2021 12
-----------------------------------
           0,4  184,0    gen    331

Updated: 26/07/2021 00:00:00