Paupisi (BN) - Italy

41° 11.73' N | 014° 39.88' E | 320 metri | Show on map

Tabelle Climatiche di August 2022

27/11/2022 06:10:00 CET

Stazione:LaCrosse WS-2350
Software:WeeWX v4.0.0
Aggiornamento Weewx:11 days, 14 ore, 53 minuti
Aggiornamento Server:11 days, 10 ore, 36 minuti
                   MONTHLY CLIMATOLOGICAL SUMMARY for ago 2022


NAME: Paupisi (BN) - Italy                  
ELEV: 320 metri    LAT: 41-11.73 N    LONG: 014-39.88 E


                   TEMPERATURE (°C), RAIN (cm), WIND SPEED (km/h)

                                         HEAT   COOL         AVG
      MEAN                               DEG    DEG          WIND                   DOM
DAY   TEMP   HIGH   TIME    LOW   TIME   DAYS   DAYS   RAIN  SPEED   HIGH   TIME    DIR
---------------------------------------------------------------------------------------
 01   27,0   32,6  15:49   22,3  02:28    0,0    8,7   0,00    0,1    8,3  14:13     21
 02   28,0   33,9  15:27   21,6  06:22    0,0    9,6   0,00    0,1    8,3  15:28     11
 03   28,0   33,9  14:26   23,8  05:20    0,0    9,6   0,00    0,1    6,8  17:24    317
 04   27,8   34,2  14:10   22,8  06:20    0,0    9,4   0,00    0,2    6,5  11:33      7
 05   26,9   32,9  14:42   22,7  06:11    0,0    8,5   0,00    0,2   10,4  17:55     84
 06   26,8   34,3  15:18   22,4  07:05    0,0    8,5   0,00    0,1   11,5  16:58    102
 07   27,9   33,8  14:06   22,3  05:39    0,0    9,6   0,00    0,0    8,6  12:27     28
 08   28,0   34,3  15:14   23,5  06:25    0,0    9,6   0,00    0,1   10,8  18:31    325
 09
 10
 11
 12
 13
 14
 15
 16
 17   28,8   32,0  16:58   25,1  23:58    0,0   10,5   0,00    0,0    0,0  10:58    N/A
 18   27,9   34,7  15:58   22,3  06:58    0,0    9,6   0,00    0,0    0,0  00:58    N/A
 19   25,2   27,9  12:58   22,4  23:58    0,0    6,8   0,00    0,0    0,0  00:58    N/A
 20   23,6   27,4  16:58   19,4  06:58    0,0    5,2   0,00    0,0    0,0  00:58    N/A
 21   23,9   29,9  13:58   19,9  05:58    0,0    5,6   0,00    0,0    0,0  00:58    N/A
 22   23,2   28,8  13:58   20,4  03:58    0,0    4,9   0,00    0,0    0,0  00:58    N/A
 23   23,0   28,1  16:26   18,5  05:58    0,0    4,6   0,00    0,0    3,6  13:59      8
 24   23,6   28,6  16:39   19,6  04:50    0,0    5,3   0,00    0,0    6,1  12:23     38
 25   24,3   30,2  15:43   19,4  06:31    0,0    6,0   0,00    0,0    4,7  12:20    334
 26   24,6   29,3  13:48   20,3  06:20    0,0    6,2   0,00    0,0    5,4  12:55     78
 27   23,8   29,0  14:49   19,4  06:14    0,0    5,5   0,00    0,1    5,4  12:22     96
 28   21,4   28,3  13:21   17,6  23:42    0,0    3,0   0,00    0,0    6,1  14:31     80
 29   20,6   28,8  15:22   17,2  03:49    0,0    2,2   0,00    0,1    6,1  14:52     72
 30   22,6   28,4  15:13   17,8  05:15    0,0    4,3   0,00    0,0    3,6  09:49     37
 31   23,8   29,1  15:42   20,9  04:55    0,0    5,5   0,00    0,1    6,8  16:45     93
---------------------------------------------------------------------------------------
      25,2   34,7     18   17,2     29    0,0  158,9   0,00    0,1   11,5     06     41
    
Updated: 01/09/2022 00:00:00