Paupisi (BN) - Italy

41° 11.73' N | 014° 39.88' E | 320 metri | Show on map

Tabelle Climatiche di February 2023

29/05/2023 17:10:00 CEST

Stazione:LaCrosse WS-2350
Software:WeeWX v4.0.0
Aggiornamento Weewx:106 days, 20 ore, 37 minuti
Aggiornamento Server:106 days, 20 ore, 11 minuti
                   MONTHLY CLIMATOLOGICAL SUMMARY for feb 2023


NAME: Paupisi (BN) - Italy                  
ELEV: 320 metri    LAT: 41-11.73 N    LONG: 014-39.88 E


                   TEMPERATURE (°C), RAIN (cm), WIND SPEED (km/h)

                                         HEAT   COOL         AVG
      MEAN                               DEG    DEG          WIND                   DOM
DAY   TEMP   HIGH   TIME    LOW   TIME   DAYS   DAYS   RAIN  SPEED   HIGH   TIME    DIR
---------------------------------------------------------------------------------------
 01    4,5    9,4  13:35    0,4  07:25   13,8    0,0   0,00    0,1   10,1  15:13     66
 02    5,4    9,8  13:45    2,4  06:28   12,9    0,0   0,00    0,0    4,0  12:52     33
 03    6,5   11,1  12:13    2,4  04:43   11,9    0,0   0,00    0,0    6,1  14:47     80
 04    8,2   12,6  14:59    4,8  23:55   10,1    0,0   0,00    0,2   10,1  19:26     53
 05    2,9    4,8  00:00    1,8  09:13   15,4    0,0   0,00    0,7   12,6  13:12     93
 06    1,8    2,6  11:41    1,4  05:35   16,6    0,0   0,00    0,4   11,9  09:13     58
 07    1,9    3,7  14:31    0,5  06:25   16,4    0,0   0,00    0,1    7,2  06:24      5
 08    2,4    4,7  14:41    0,6  07:17   15,9    0,0   0,00    0,2   10,1  11:51    305
 09    2,8    4,1  13:11    1,9  00:20   15,6    0,0   0,00    0,1    8,3  12:38    300
 10    4,2    6,3  13:45    2,6  23:50   14,2    0,0   0,00    0,1    8,3  13:36    330
 11    4,3    9,2  13:18    1,8  02:48   14,0    0,0   0,00    0,0    5,0  09:12    299
 12    6,4   11,6  13:20    1,6  03:46   12,0    0,0   0,00    0,1    5,8  16:17     91
 13    7,6   11,5  13:52    4,1  23:57   10,7    0,0   0,00    0,0    6,8  12:49    333
 14    5,7   10,8  13:57    2,4  04:24   12,6    0,0   0,00    0,0    3,2  13:33    316
 15    7,2   13,9  14:11    3,0  07:15   11,1    0,0   0,00    0,0    3,2  10:17    280
 16    7,7   11,8  13:27    4,4  02:05   10,6    0,0   0,00    0,1    8,6  15:27    136
 17    7,5   11,9  13:57    4,1  07:15   10,8    0,0   0,00    0,0    5,8  13:57     74
 18    7,9   12,4  14:18    4,3  06:13   10,4    0,0   0,00    0,0    5,0  12:44     91
 19   10,3   13,4  13:09    7,1  01:15    8,0    0,0   0,00    0,1    9,7  12:48     73
 20   10,1   14,6  14:24    7,3  23:38    8,2    0,0   0,00    0,0    4,0  13:32     24
 21    9,2   12,4  13:29    6,4  02:25    9,2    0,0   0,00    0,0    6,5  13:45     92
 22    9,8   13,4  14:49    6,8  23:58    8,6    0,0   0,00    0,0    1,1  13:07     45
 23    9,5   14,1  14:35    6,5  02:31    8,9    0,0   0,00    0,0    0,0  00:00    N/A
 24   10,0   14,9  14:07    5,8  06:15    8,3    0,0   0,00    0,0    7,6  14:38     91
 25   11,7   15,1  13:36    8,1  01:54    6,6    0,0   0,00    0,0    5,8  21:28    108
 26   10,1   12,1  11:57    8,5  07:35    8,2    0,0   0,00    0,1   78,5  10:57     32
 27    8,9   11,4  14:55    7,4  07:10    9,4    0,0   0,00    N/A    N/A    N/A    N/A
 28    8,3   10,1  12:20    7,5  06:04   10,0    0,0   0,00    0,0    2,9  12:43    325
---------------------------------------------------------------------------------------
       6,9   15,1     25    0,4     01  320,5    0,0   0,00    0,1   78,5     26     61
    
Updated: 01/03/2023 00:00:00