Paupisi (BN) - Italy

41° 11.73' N | 014° 39.88' E | 320 metri | Show on map

Tabelle Climatiche di April 2023

21/04/2024 19:40:00 CEST

Stazione:LaCrosse WS-2350
Software:WeeWX v4.0.0
Aggiornamento Weewx:48 days, 9 ore, 23 minuti
Aggiornamento Server:48 days, 8 ore, 40 minuti
                   MONTHLY CLIMATOLOGICAL SUMMARY for apr 2023


NAME: Paupisi (BN) - Italy                  
ELEV: 320 metri    LAT: 41-11.73 N    LONG: 014-39.88 E


                   TEMPERATURE (°C), RAIN (cm), WIND SPEED (km/h)

                                         HEAT   COOL         AVG
      MEAN                               DEG    DEG          WIND                   DOM
DAY   TEMP   HIGH   TIME    LOW   TIME   DAYS   DAYS   RAIN  SPEED   HIGH   TIME    DIR
---------------------------------------------------------------------------------------
 01   13,9   17,9  15:45    9,8  23:43    4,5    0,0   0,00    0,3   11,9  10:20     81
 02   12,0   17,3  16:10    7,6  07:00    6,3    0,0   0,00    0,1    8,6  23:52     25
 03   10,8   12,8  10:19    8,4  23:56    7,5    0,0   0,00    0,8   16,9  10:43     63
 04    8,3   11,2  13:41    6,3  23:03   10,1    0,0   0,00    0,5   17,3  08:48     40
 05    6,7    8,4  14:35    5,3  06:59   11,6    0,0   0,00    0,1   10,1  23:44    351
 06    8,2   12,9  16:40    4,7  04:23   10,1    0,0   0,00    0,2    9,7  12:50     11
 07    9,0   14,8  15:17    3,8  04:48    9,3    0,0   0,00    0,3    7,2  13:17      5
 08    7,9   11,6  12:05    5,6  04:09   10,5    0,0   0,00    0,3   86,4  16:05    316
 09    9,3   12,6  17:34    7,3  05:36    9,1    0,0   0,00    0,1    7,2  12:55     53
 10    9,2   11,9  14:25    7,0  03:49    9,1    0,0   0,00    0,2   10,8  14:58     56
 11   10,3   16,4  15:26    5,0  06:07    8,0    0,0   0,00    0,2   10,1  16:04     88
 12   11,9   17,6  15:45    7,1  06:30    6,4    0,0   0,00    0,2    9,0  13:36     76
 13   11,9   17,0  15:03    8,4  06:10    6,4    0,0   0,00    0,5   16,6  20:36     95
 14    9,1   12,8  16:33    6,9  12:15    9,3    0,0   0,00    0,2  183,6  15:44    100
 15    9,4   13,9  17:29    6,2  03:09    8,9    0,0   0,00    N/A    N/A    N/A    N/A
 16   10,1   13,1  14:24    6,9  05:35    8,3    0,0   0,00    0,2  183,6  18:10      6
 17   10,9   13,1  13:13    9,1  02:47    7,4    0,0   0,00    0,1    9,4  13:47     88
 18   11,6   15,6  14:44    9,7  23:59    6,7    0,0   0,00    0,0    3,6  14:29     46
 19   11,3   16,9  12:49    7,9  03:54    7,0    0,0   0,00    0,0    3,6  14:23    262
 20   12,6   18,7  16:40    7,5  04:22    5,7    0,0   0,00    0,0    4,0  19:22     80
 21   14,9   21,1  16:00    9,6  06:01    3,5    0,0   0,00    0,1    5,8  13:26    319
 22   16,0   21,8  15:46   11,8  06:23    2,3    0,0   0,00    0,1    5,8  12:55    324
 23   15,4   21,2  16:37   10,8  06:20    2,9    0,0   0,00    0,3    8,6  13:31     83
 24   14,7   18,9  14:29   11,3  23:59    3,7    0,0   0,00    0,2    8,6  11:48     63
 25   14,3   19,2  16:01   10,2  04:45    4,0    0,0   0,00    0,2    6,5  13:08     69
 26   13,9   18,9  15:52    9,9  06:26    4,4    0,0   0,00    0,1    7,6  12:02      9
 27   14,8   21,1  15:41    8,7  05:51    3,6    0,0   0,00    0,2    7,6  10:38    321
 28   15,2   21,1  13:30   10,4  06:25    3,2    0,0   0,00    0,2    9,0  14:32     91
 29   14,5   19,8  16:04    9,6  06:00    3,9    0,0   0,00    0,2    8,6  11:17     82
 30   15,3   17,9  13:00   13,3  23:54    3,0    0,0   0,00    0,0    5,0  08:28    324
---------------------------------------------------------------------------------------
      11,8   21,8     22    3,8     07  196,7    0,0   0,00    0,2  183,6     14     57
    
Updated: 01/05/2023 00:00:00