Paupisi (BN) - Italy

41° 11.73' N | 014° 39.88' E | 320 metri | Show on map

Tabelle Climatiche di May 2023

21/04/2024 19:45:00 CEST

Stazione:LaCrosse WS-2350
Software:WeeWX v4.0.0
Aggiornamento Weewx:48 days, 9 ore, 28 minuti
Aggiornamento Server:48 days, 8 ore, 45 minuti
                   MONTHLY CLIMATOLOGICAL SUMMARY for mag 2023


NAME: Paupisi (BN) - Italy                  
ELEV: 320 metri    LAT: 41-11.73 N    LONG: 014-39.88 E


                   TEMPERATURE (°C), RAIN (cm), WIND SPEED (km/h)

                                         HEAT   COOL         AVG
      MEAN                               DEG    DEG          WIND                   DOM
DAY   TEMP   HIGH   TIME    LOW   TIME   DAYS   DAYS   RAIN  SPEED   HIGH   TIME    DIR
---------------------------------------------------------------------------------------
 01   13,6   14,2  23:11   13,1  03:20    4,7    0,0   0,00    N/A    N/A    N/A    N/A
 02   14,3   16,4  17:33   12,9  09:06    4,1    0,0   0,00    N/A    N/A    N/A    N/A
 03   14,5   16,9  14:49   13,3  06:18    3,8    0,0   0,00    0,0    5,8  13:53     33
 04   15,4   19,5  16:16   11,8  04:59    2,9    0,0   0,00    0,0    6,5  10:43     27
 05   16,7   23,3  15:40   11,2  05:47    1,6    0,0   0,00    0,0    5,4  14:50    350
 06   16,4   21,9  16:25   12,2  05:54    1,9    0,0   0,00    0,2    9,7  14:28     98
 07   17,5   23,2  16:04   12,6  04:44    0,8    0,0   0,00    0,2    6,1  13:54     89
 08   15,4   16,9  10:30   13,8  06:06    3,0    0,0   0,00    0,0    4,7  12:31     81
 09   17,4   21,0  14:12   14,6  00:00    0,9    0,0   0,00    0,0    4,3  13:03    339
 10   14,2   15,2  17:19   13,1  03:45    4,1    0,0   0,00    0,0    0,0  00:00    N/A
 11   15,4   19,8  14:10   12,6  03:52    2,9    0,0   0,00    0,3    7,6  15:23    107
 12   14,4   18,3  17:42   11,8  04:08    3,9    0,0   0,00    0,0    4,7  05:23    109
 13   12,9   16,8  13:32   10,5  05:11    5,4    0,0   0,00    0,3  183,6  17:50    294
 14   15,0   17,9  16:05   13,1  05:40    3,4    0,0   0,00    0,1    7,6  16:36    103
 15   13,2   14,5  10:03   11,7  05:35    5,1    0,0   0,00    0,0    1,4  00:08    112
 16   13,8   15,9  10:32   12,3  05:50    4,6    0,0   0,00    N/A    N/A    N/A    N/A
 17   13,8   15,5  16:41   12,6  00:00    4,6    0,0   0,00    N/A    N/A    N/A    N/A
 18   15,5   17,9  15:50   12,8  06:09    2,8    0,0   0,00    0,0    3,2  15:23    131
 19   17,0   20,7  14:25   13,8  05:50    1,3    0,0   0,00    0,2    7,2  12:07    326
 20   14,9   17,9  11:50   13,6  04:08    3,4    0,0   0,00    0,5  183,6  04:45    289
 21   16,8   21,6  14:38   14,1  04:48    1,6    0,0   0,00    0,0    6,8  12:58    313
 22   18,1   24,1  15:01   14,6  23:45    0,2    0,0   0,05    0,0    5,0  16:36    313
 23   18,5   25,3  15:04   13,9  05:40    0,0    0,1   0,00    0,0    5,8  15:23     22
 24   18,9   24,6  14:09   13,6  05:34    0,0    0,6   0,00    0,0    5,4  13:16     56
 25   20,9   26,4  15:23   15,5  05:33    0,0    2,6   0,00    0,0    5,4  13:00    329
 26   21,4   26,3  14:55   17,1  06:02    0,0    3,1   0,00    0,1    8,3  12:49     21
 27   20,7   25,1  14:52   16,2  04:48    0,0    2,4   0,00    0,1    6,1  13:44     31
 28   19,3   25,3  12:44   15,6  05:35    0,0    1,0   0,05    0,1    4,7  13:08    345
 29   19,1   25,3  13:38   16,0  04:30    0,0    0,7   0,00    0,0    0,0  00:00    N/A
 30   18,5   24,6  13:09   14,9  21:45    0,0    0,2   0,00    0,0    6,1  14:10    324
 31   18,2   24,6  13:57   14,4  05:35    0,1    0,0   0,00    0,1   12,2  16:18    312
---------------------------------------------------------------------------------------
      16,5   26,4     25   10,5     13   67,2   10,6   0,10    0,1  183,6     13    331
    
Updated: 01/06/2023 00:00:00