Paupisi (BN) - Italy

41° 11.73' N | 014° 39.88' E | 320 metri | Show on map

Tabelle Climatiche di June 2023

28/02/2024 04:45:00 CET

Stazione:LaCrosse WS-2350
Software:WeeWX v4.0.0
Aggiornamento Weewx:64 days, 23 ore, 28 minuti
Aggiornamento Server:64 days, 20 ore, 59 minuti
                   MONTHLY CLIMATOLOGICAL SUMMARY for giu 2023


NAME: Paupisi (BN) - Italy                  
ELEV: 320 metri    LAT: 41-11.73 N    LONG: 014-39.88 E


                   TEMPERATURE (°C), RAIN (cm), WIND SPEED (km/h)

                                         HEAT   COOL         AVG
      MEAN                               DEG    DEG          WIND                   DOM
DAY   TEMP   HIGH   TIME    LOW   TIME   DAYS   DAYS   RAIN  SPEED   HIGH   TIME    DIR
---------------------------------------------------------------------------------------
 01   18,8   25,8  14:56   15,3  05:10    0,0    0,5   0,00    0,1    6,5  08:58    319
 02   18,9   24,9  15:39   13,9  05:40    0,0    0,6   0,00    0,0    7,6  16:42    102
 03   19,1   24,6  13:31   16,2  06:22    0,0    0,8   0,00    0,0    9,0  15:59     74
 04   19,6   24,8  13:47   14,9  05:47    0,0    1,2   0,00    0,0    3,2  16:46    107
 05   19,5   22,4  16:29   16,6  05:25    0,0    1,2   0,00    0,0    1,8  11:12    180
 06   19,7   23,0  15:03   16,9  05:49    0,0    1,3   0,00    0,0    4,7  15:57     89
 07   20,4   25,9  16:04   15,3  04:25    0,0    2,1   0,00    0,1    6,1  17:57     83
 08   20,7   25,8  14:58   16,3  05:39    0,0    2,3   0,00    0,1    8,6  16:32    100
 09   20,4   25,4  14:57   15,9  05:20    0,0    2,0   0,00    0,1    7,2  12:09     88
 10   20,2   23,4  18:09   17,9  01:26    0,0    1,8   0,00    0,0    4,0  13:59    107
 11   19,8   24,5  10:57   16,8  03:51    0,0    1,4   0,00    0,0    9,7  13:50     64
 12   19,7   26,6  13:39   16,1  04:49    0,0    1,4   0,00    0,0    4,0  11:24     57
 13   19,8   23,3  18:55   15,8  04:51    0,0    1,5   0,00    0,0    4,0  16:41     50
 14   19,8   24,1  12:50   17,0  02:20    0,0    1,5   0,00    0,0   21,2  21:39     95
 15   18,5   21,3  17:44   16,5  06:27    0,0    0,2   0,00    1,3  183,6  13:25     11
 16   20,9   25,3  15:52   16,2  03:44    0,0    2,6   0,00    0,3   10,1  16:09     58
 17   21,3   26,2  14:13   15,6  05:45    0,0    2,9   0,00    0,1    7,2  13:41     59
 18   22,2   28,5  14:54   15,8  05:28    0,0    3,8   0,00    0,0    5,8  14:52     22
 19   22,5   28,5  15:33   17,3  05:38    0,0    4,2   0,00    0,1    8,6  15:53     86
 20   23,6   29,2  15:39   18,5  05:15    0,0    5,3   0,00    0,1    7,2  14:19     98
 21   24,9   30,8  17:17   19,3  05:11    0,0    6,6   0,00    0,1    6,1  13:02    100
 22   26,8   32,4  15:10   21,3  04:55    0,0    8,5   0,00    0,0    5,0  14:52    115
 23   25,3   30,8  13:53   21,5  23:59    0,0    7,0   0,10    0,2    7,9  17:42    111
 24   21,9   28,8  13:48   19,2  05:10    0,0    3,6   0,00    0,0    1,8  21:50    135
 25   23,4   28,2  15:25   19,4  06:10    0,0    5,0   0,00    0,0    0,0  00:00    N/A
 26   24,3   29,2  14:49   19,9  05:05    0,0    6,0   0,00    0,0    2,9  17:40    338
 27   24,0   30,2  15:00   19,2  04:02    0,0    5,7   0,00    0,0    0,0  00:00    N/A
 28   24,0   28,5  14:51   19,9  05:20    0,0    5,7   0,00    0,1    6,8  12:21     88
 29   24,3   28,9  15:51   20,7  06:27    0,0    5,9   0,00    0,1    6,1  10:40    352
 30   23,8   29,3  16:34   19,7  05:25    0,0    5,5   0,00    0,2    9,0  17:40    119
---------------------------------------------------------------------------------------
      21,6   32,4     22   13,9     02    0,0   98,2   0,10    0,1  183,6     15     49
    
Updated: 01/07/2023 00:00:00