Paupisi (BN) - Italy

41° 11.73' N | 014° 39.88' E | 320 metri | Show on map

Tabelle Climatiche di July 2023

28/02/2024 04:45:00 CET

Stazione:LaCrosse WS-2350
Software:WeeWX v4.0.0
Aggiornamento Weewx:64 days, 23 ore, 28 minuti
Aggiornamento Server:64 days, 20 ore, 59 minuti
                   MONTHLY CLIMATOLOGICAL SUMMARY for lug 2023


NAME: Paupisi (BN) - Italy                  
ELEV: 320 metri    LAT: 41-11.73 N    LONG: 014-39.88 E


                   TEMPERATURE (°C), RAIN (cm), WIND SPEED (km/h)

                                         HEAT   COOL         AVG
      MEAN                               DEG    DEG          WIND                   DOM
DAY   TEMP   HIGH   TIME    LOW   TIME   DAYS   DAYS   RAIN  SPEED   HIGH   TIME    DIR
---------------------------------------------------------------------------------------
 01   20,5   24,8  12:35   16,9  05:16    0,0    2,2   0,00    0,2  183,6  07:57    344
 02   22,1   26,9  15:56   18,5  04:00    0,0    3,8   0,00    0,1    7,9  16:00     90
 03   23,1   27,0  14:28   19,9  02:15    0,0    4,8   0,00    0,2    8,3  13:09    135
 04   22,8   27,6  15:24   18,6  05:08    0,0    4,5   0,00    0,1    8,3  17:36    111
 05   23,5   28,7  16:41   18,8  05:46    0,0    5,2   0,00    0,1    8,6  16:52    102
 06   24,5   29,9  16:57   20,2  06:30    0,0    6,1   0,00    0,2    6,1  11:14    101
 07   25,6   31,4  15:12   19,8  05:21    0,0    7,2   0,00    0,0    5,0  15:10     81
 08   26,6   32,4  16:16   22,2  07:10    0,0    8,3   0,00    0,1    5,4  13:40    345
 09   28,2   33,9  16:06   22,6  05:38    0,0    9,9   0,00    0,0    0,0  00:00    N/A
 10   28,9   34,9  16:38   23,7  05:18    0,0   10,6   0,00    0,0    0,0  00:00    N/A
 11   28,1   33,6  14:56   23,4  05:40    0,0    9,8   0,00    0,1    8,3  14:34    100
 12   27,1   33,1  15:46   21,9  05:50    0,0    8,8   0,00    0,1    7,2  14:59    115
 13   27,1   32,4  14:57   21,5  05:39    0,0    8,8   0,00    0,4    9,0  13:13    108
 14   27,6   32,9  15:41   22,4  06:05    0,0    9,3   0,00    0,1    6,5  11:54    102
 15   27,0   33,5  16:18   20,1  06:18    0,0    8,6   0,00    0,0    0,0  00:00    N/A
 16   28,2   34,9  15:55   22,4  05:35    0,0    9,9   0,00    0,0    0,7  18:37    338
 17   28,8   36,1  15:29   23,5  04:00    0,0   10,5   0,00    0,0    0,0  00:00    N/A
 18   29,2   35,8  15:57   22,9  05:19    0,0   10,8   0,00    0,0    0,7  00:37    338
 19   28,9   35,6  15:48   23,9  06:17    0,0   10,5   0,00    0,2   11,5  11:27    116
 20   27,7   33,6  16:20   22,6  05:51    0,0    9,3   0,00    0,1    6,5  15:42    122
 21   28,1   34,3  16:12   23,5  04:56    0,0    9,7   0,00    0,1    7,6  13:12    108
 22   28,4   33,5  14:35   24,3  23:56    0,0   10,0   0,00    0,4   12,2  16:14    108
 23   27,3   32,9  14:53   22,1  06:55    0,0    8,9   0,05    0,2    8,3  14:23     99
 24   28,9   36,3  15:55   22,6  05:54    0,0   10,6   0,00    0,1    9,7  13:59    102
 25   29,4   35,9  16:14   25,0  04:49    0,0   11,1   0,00    0,5   18,7  16:42     77
 26   24,7   28,2  16:52   21,6  06:19    0,0    6,4   0,05    0,5   13,3  02:23     88
 27   24,3   29,9  15:44   20,7  04:35    0,0    5,9   0,00    0,0    6,1  17:42    121
 28   23,6   28,5  15:35   18,5  05:25    0,0    5,2   0,00    0,2   10,1  13:36     91
 29   24,5   30,4  15:32   18,9  05:33    0,0    6,1   0,00    0,2    9,4  16:18     79
 30   25,1   31,4  15:36   19,9  06:18    0,0    6,8   0,00    0,3    8,6  14:52     86
 31   25,0   31,3  14:54   21,4  23:25    0,0    6,6   0,00    0,0    7,2  17:15    105
---------------------------------------------------------------------------------------
      26,3   36,3     24   16,9     01    0,0  246,4   0,10    0,1  183,6     01     96
    
Updated: 01/08/2023 00:00:00