Paupisi (BN) - Italy

41° 11.73' N | 014° 39.88' E | 320 metri | Show on map

Tabelle Climatiche di August 2023

21/04/2024 19:55:00 CEST

Stazione:LaCrosse WS-2350
Software:WeeWX v4.0.0
Aggiornamento Weewx:48 days, 9 ore, 38 minuti
Aggiornamento Server:48 days, 8 ore, 56 minuti
                   MONTHLY CLIMATOLOGICAL SUMMARY for ago 2023


NAME: Paupisi (BN) - Italy                  
ELEV: 320 metri    LAT: 41-11.73 N    LONG: 014-39.88 E


                   TEMPERATURE (°C), RAIN (cm), WIND SPEED (km/h)

                                         HEAT   COOL         AVG
      MEAN                               DEG    DEG          WIND                   DOM
DAY   TEMP   HIGH   TIME    LOW   TIME   DAYS   DAYS   RAIN  SPEED   HIGH   TIME    DIR
---------------------------------------------------------------------------------------
 01   23,8   29,6  14:23   20,4  04:41    0,0    5,5   0,00    0,0    8,6  17:18    122
 02   24,1   28,4  14:07   20,5  01:04    0,0    5,8   0,00    0,1    7,2  15:32     95
 03   24,8   30,5  16:45   20,4  03:40    0,0    6,5   0,00    0,3   10,4  17:22     97
 04   24,7   31,0  16:09   18,1  23:23    0,0    6,4   0,05    0,3   12,6  11:09    103
 05   18,9   22,1  14:45   16,2  23:34    0,0    0,6   0,00    0,2  183,6  14:10    303
 06   19,6   24,8  16:36   15,1  06:47    0,0    1,2   0,00    0,2    8,6  14:37     97
 07   20,7   24,9  13:58   17,0  05:27    0,0    2,4   0,00    0,1    7,9  15:23    105
 08   22,0   27,8  16:59   17,5  04:10    0,0    3,7   0,00    0,0    5,8  11:57    341
 09   22,1   28,0  14:46   17,0  06:28    0,0    3,7   0,00    0,1    6,5  15:57     77
 10   22,6   29,1  16:05   17,3  06:23    0,0    4,3   0,00    0,1    6,1  14:33     82
 11   24,6   30,4  14:53   19,9  05:55    0,0    6,2   0,00    0,0    4,7  17:53     51
 12   24,1   29,2  16:13   20,1  05:53    0,0    5,8   0,00    0,0    7,9  11:10     62
 13   24,6   31,2  16:44   18,8  05:25    0,0    6,3   0,00    0,0    3,6  12:01    317
 14   24,6   31,3  16:30   19,6  04:50    0,0    6,3   0,00    0,0    2,5  19:24    116
 15   23,8   29,5  15:38   19,3  05:52    0,0    5,5   0,00    0,0    7,6  16:13    104
 16   23,4   28,8  14:42   20,3  04:50    0,0    5,1   0,00    0,0    4,7  12:59     99
 17   25,2   31,9  16:33   19,8  06:14    0,0    6,8   0,00    0,0    9,4  16:22    251
 18   25,3   32,1  15:37   21,3  04:50    0,0    7,0   0,00    0,0    4,0  16:09    292
 19   26,7   32,9  15:04   22,1  03:15    0,0    8,3   0,00    0,0    0,0  00:00    N/A
 20   27,1   31,5  12:39   22,9  05:23    0,0    8,7   0,00    0,0    7,6  16:23     73
 21   28,6   33,8  13:30   24,2  06:00    0,0   10,2   0,00    0,0    5,8  11:11     66
 22   28,9   34,7  14:30   24,8  06:11    0,0   10,6   0,00    0,0    9,0  15:11     71
 23   28,8   34,9  14:15   24,1  04:54    0,0   10,5   0,00    0,0    2,5  13:47     56
 24   29,3   35,2  15:31   24,7  03:35    0,0   11,0   0,00    0,0    4,0  14:20     66
 25   27,9   33,8  14:44   23,8  06:15    0,0    9,5   0,00    0,0    7,2  15:56     98
 26   27,0   33,2  15:29   22,4  06:08    0,0    8,6   0,00    0,0    5,8  16:16    106
 27   26,4   33,5  16:17   21,1  06:03    0,0    8,1   0,00    0,0    4,7  14:06     94
 28   23,4   28,1  10:35   19,5  23:45    0,0    5,0   0,00    0,0    6,8  11:55     99
 29   18,7   21,5  12:42   15,6  08:04    0,0    0,4   0,00    0,1    9,4  12:52     74
 30   18,3   22,8  13:57   14,8  06:28    0,0    0,0   0,00    0,0    9,7  13:57    104
 31   19,3   23,8  15:21   14,8  05:49    0,0    1,0   0,00    0,0    7,2  14:09     84
---------------------------------------------------------------------------------------
      24,2   35,2     24   14,8     30    0,0  181,1   0,05    0,1  183,6     05     93
    
Updated: 01/09/2023 00:00:00