Paupisi (BN) - Italy

41° 11.73' N | 014° 39.88' E | 320 metri | Show on map

Tabelle Climatiche di April 2024

21/04/2024 20:00:00 CEST

Stazione:LaCrosse WS-2350
Software:WeeWX v4.0.0
Aggiornamento Weewx:48 days, 9 ore, 43 minuti
Aggiornamento Server:48 days, 9 ore, 1 minuto
                   MONTHLY CLIMATOLOGICAL SUMMARY for apr 2024


NAME: Paupisi (BN) - Italy                  
ELEV: 320 metri    LAT: 41-11.73 N    LONG: 014-39.88 E


                   TEMPERATURE (°C), RAIN (cm), WIND SPEED (km/h)

                                         HEAT   COOL         AVG
      MEAN                               DEG    DEG          WIND                   DOM
DAY   TEMP   HIGH   TIME    LOW   TIME   DAYS   DAYS   RAIN  SPEED   HIGH   TIME    DIR
---------------------------------------------------------------------------------------
 01   16,7   23,4  12:35   10,5  21:42    1,7    0,0   0,98    0,1   13,3  19:59    138
 02   12,7   16,6  13:14    9,5  04:45    5,6    0,0   0,00    0,0    9,7  13:49    112
 03   12,4   16,9  16:25    9,3  06:20    5,9    0,0   0,00    0,0    5,4  15:57    143
 04   13,1   18,4  14:05    8,9  06:15    5,3    0,0   0,00    0,0    3,2  13:14    183
 05   13,5   19,5  17:00    9,1  03:32    4,8    0,0   0,00    0,0    4,0  16:37    116
 06   14,5   20,4  15:35   10,3  06:15    3,8    0,0   0,00    0,0    3,2  15:56     61
 07   16,1   22,8  15:50   11,1  06:17    2,2    0,0   0,00    0,0    4,0  15:06    290
 08   18,1   24,0  15:17   13,2  05:11    0,2    0,0   0,00    0,0    4,7  15:45    139
 09   17,6   23,1  16:19   12,8  06:30    0,7    0,0   0,00    0,0    5,0  15:06    107
 10   14,1   17,3  00:00    9,2  00:00    4,3    0,0   0,00    0,0    6,1  12:09    139
 11   13,5   19,3  15:35    7,3  04:49    4,8    0,0   0,00    0,0    1,8  14:41    248
 12   19,0   25,0  15:36   14,8  04:09    0,0    0,7   0,00    0,0    0,0  00:00    N/A
 13   20,3   26,5  16:15   15,5  06:23    0,0    1,9   0,00    0,0    2,2  10:09    292
 14   20,0   26,5  15:48   15,9  06:40    0,0    1,7   0,00    0,0    2,5  15:51    204
 15   18,3   24,9  15:04   13,4  09:16    0,0    0,0   0,00    0,0    5,4  18:57     80
 16   18,1   22,8  14:17   14,3  23:33    0,2    0,0   0,05    0,0   10,4  12:41    112
 17   11,9   17,3  13:15    7,2  23:15    6,4    0,0   0,93    0,0    6,5  01:21    180
 18    9,6   14,2  15:27    6,1  07:20    8,7    0,0   0,00    0,0    1,1  10:04    315
 19    8,6   12,3  15:58    6,4  09:10    9,7    0,0   0,62    0,0    4,0  14:53     85
 20    8,2   12,6  11:21    4,6  05:33   10,1    0,0   0,41    0,0    4,0  16:45    180
 21   10,5   14,4  16:01    7,2  06:05    7,8    0,0   0,00    0,0    1,4  09:56    310
 22
 23
 24
 25
 26
 27
 28
 29
 30
---------------------------------------------------------------------------------------
      14,6   26,5     13    4,6     20   82,4    4,3   3,00    0,0   13,3     01    126
    
Updated: 21/04/2024 20:00:00